{"id":6938,"date":"2018-12-11T19:45:40","date_gmt":"2018-12-12T01:45:40","guid":{"rendered":"http:\/\/difpuertovallarta.gob.mx\/cms\/?page_id=6938"},"modified":"2023-07-06T16:51:56","modified_gmt":"2023-07-06T21:51:56","slug":"procuraduria","status":"publish","type":"page","link":"https:\/\/difpuertovallarta.gob.mx\/cms\/procuraduria\/","title":{"rendered":"Delegaci\u00f3n Institucional de Protecci\u00f3n Ni\u00f1as, Ni\u00f1os y Adolescentes."},"content":{"rendered":"<p><strong>Titular:<\/strong>&nbsp; Lcda. Judith Araceli L\u00f3pez Yerena<\/p>\n<p><strong>Correo:<\/strong> <a href=\"mailto:dippina@difpuertovallarta.gob.mx\">dippna@difpuertovallarta.gob.mx<\/a><\/p>\n<p><strong>Domicilio:<\/strong> Avenida Paseo de las Palmas, s\/n, Barrio Sta. Mar\u00eda, Puerto Vallarta.<\/p>\n<p><strong>Tel\u00e9fono:<\/strong> (322) 2259936 Ext. 171,<\/p>\n<p><strong>Horarios de oficina:<\/strong> 08:00 a 16:00 horas.<\/p>\n<p><strong>&nbsp;De Lunes a Viernes. Guardias permanentes, 24 horas. (equipo interdisciplinario)<\/strong><\/p>\n<p><strong>Objetivo<\/strong>:<\/p>\n<p>Garantizar que se protejan y se respeten los derechos de ni\u00f1as, ni\u00f1os y adolescentes, mediante el respeto, inter\u00e9s, protecci\u00f3n, titularidad, ejercicio y la no vulneraci\u00f3n de los derechos de las personas menores de edad en cada asunto donde pudieran existir acciones que da\u00f1en, perjudiquen o impidan el sano desarrollo f\u00edsico e integral as\u00ed como cualquiera de los derechos de ni\u00f1as, ni\u00f1os y adolescentes.<\/p>\n<p><b>Funci\u00f3n<\/b><strong>:<\/strong><\/p>\n<ul>\n<li>Asesorar jur\u00eddicamente a usuarios una vez referida su problem\u00e1tica, sobre el panorama legal que enfrentan, el enfoque y posibles consecuencias ante eventuales decisiones, enmarcando con recomendaciones legales las posibles soluciones a su conflicto.<\/li>\n<li>Acompa\u00f1amiento en convivencias asistidas (ni\u00f1os, ni\u00f1as y adolescentes resguardados).<\/li>\n<li>Intervenir y\/o coadyuvar con instituciones y\/o autoridades del orden administrativo, ejecutivo y judicial, en cualquier acto donde pudiera existir la afectaci\u00f3n a ni\u00f1as, ni\u00f1os y adolescentes.<\/li>\n<li>Interponer y ejecutar por cualquier medio a trav\u00e9s de diversos recursos jur\u00eddico-administrativos aquellos actos que garanticen seguridad jur\u00eddica e irrestricto respeto a las personas menores de edad que sean parte en procesos judiciales o de investigaci\u00f3n, o en situaciones de posible vulneraci\u00f3n a sus derechos.<\/li>\n<li>Garantizar a trav\u00e9s de un plan y\/o similares, la restituci\u00f3n de los derechos vulnerados a personas menores de edad en un lapso de tiempo aproximado, mismo independiente al proceso jur\u00eddico- y\/o administrativo que puedan enfrentar o del que sean parte.<\/li>\n<li>Ejercer la representaci\u00f3n en suplencia a menores institucionalizados y no institucionalizados en alg\u00fan proceso administrativo, ejecutivo y\/o judicial, sirviendo como enlace permanente entre las instituciones p\u00fablicas y sector privado con el objetivo de acompa\u00f1ar y vigilar en los procesos establecidos.<\/li>\n<li>Garantizarles a ni\u00f1as, ni\u00f1os y adolescentes institucionalizados la restituci\u00f3n de su derecho a vivir en familia por medio de la figura jur\u00eddica de la adopci\u00f3n, acogimiento pre adoptivo o familias de acogida.<\/li>\n<li>Recibir y dar seguimiento a las problem\u00e1ticas informadas y\/o canalizadas mediante oficio por instituciones de salud, educaci\u00f3n y\/o gobierno que involucren a personas menores de edad.<\/li>\n<li>Elaboraci\u00f3n de medidas de protecci\u00f3n y mecanismos de seguridad, con la apertura de expedientes para seguimiento, atenci\u00f3n e intervenci\u00f3n de las diversas \u00e1reas que componen la delegaci\u00f3n.<\/li>\n<li>Identificar mediante la atenci\u00f3n y seguimiento de los expedientes, reportes, quejas o informaciones que refieran&nbsp; alguna vulneraci\u00f3n a derechos de personas menores de edad, la implementaci\u00f3n progresiva o inmediata de medidas de protecci\u00f3n, valoraciones psicol\u00f3gicas y\/o investigaciones de trabajo social, que permitan llegar a una conclusi\u00f3n espec\u00edfica para tomar determinaciones en pro de la seguridad de dichas personas.<\/li>\n<li>Es de fundamental importancia, ya que la misma refleja las actividades en la integraci\u00f3n de un expediente que permite conocer la vulneraci\u00f3n o no de derechos a una persona menor de edad, su grado de riesgo y la necesidad de tomar decisiones que pueden modificar su forma de vida en estancia interna o ante autoridad civil, penal o ministerial<\/li>\n<li>Discreci\u00f3n en el manejo de informaci\u00f3n, datos personales y datos sensibles, de forma legal, institucional y por \u00e9tica profesional, con el cuidado debido y a trav\u00e9s de los medios id\u00f3neos, respetando siempre la naturaleza privada de su \u00e1rea laboral.<\/li>\n<\/ul>\n<p><strong>Beneficiarios:&nbsp;<\/strong><\/p>\n<p>Comprende la edad desde los 0 hasta 17 diecisiete a\u00f1os 11 once meses 29 veintinueve d\u00edas, as\u00ed como los menores de reintegro al n\u00facleo familiar y familia de acogida.<\/p>\n\n\n<figure class=\"wp-block-gallery has-nested-images columns-default is-cropped wp-block-gallery-1 is-layout-flex wp-block-gallery-is-layout-flex\">\n<figure class=\"wp-block-image size-large\"><img decoding=\"async\" data-id=\"14914\" src=\"https:\/\/difpuertovallarta.gob.mx\/cms\/wp-content\/uploads\/2023\/07\/PPNNA-1.jpg\" alt=\"\" class=\"wp-image-14914\"\/><\/figure>\n\n\n\n<figure class=\"wp-block-image size-large\"><img decoding=\"async\" data-id=\"14917\" src=\"https:\/\/difpuertovallarta.gob.mx\/cms\/wp-content\/uploads\/2023\/07\/PPNNA-2-1536x1024.jpg\" alt=\"\" class=\"wp-image-14917\"\/><\/figure>\n\n\n\n<figure class=\"wp-block-image size-large\"><img decoding=\"async\" data-id=\"14918\" src=\"https:\/\/difpuertovallarta.gob.mx\/cms\/wp-content\/uploads\/2023\/07\/PPNNA-3-1551x1024.jpg\" alt=\"\" class=\"wp-image-14918\"\/><\/figure>\n\n\n\n<figure class=\"wp-block-image size-large\"><img decoding=\"async\" data-id=\"14915\" src=\"https:\/\/difpuertovallarta.gob.mx\/cms\/wp-content\/uploads\/2023\/07\/PPNNA-4-1365x1024.jpg\" alt=\"\" class=\"wp-image-14915\"\/><\/figure>\n\n\n\n<figure class=\"wp-block-image size-large\"><img decoding=\"async\" data-id=\"14916\" src=\"https:\/\/difpuertovallarta.gob.mx\/cms\/wp-content\/uploads\/2023\/07\/PPNNA-1348x1024.jpg\" alt=\"\" class=\"wp-image-14916\"\/><\/figure>\n<\/figure>\n","protected":false},"excerpt":{"rendered":"<p>Titular:&nbsp; Lcda. Judith Araceli L\u00f3pez Yerena Correo: dippna@difpuertovallarta.gob.mx Domicilio: Avenida Paseo de las Palmas, s\/n, Barrio Sta. Mar\u00eda, Puerto Vallarta. Tel\u00e9fono: (322) 2259936 Ext. 171, Horarios de oficina: 08:00 a 16:00 horas. &nbsp;De Lunes a Viernes. Guardias permanentes, 24 horas. (equipo interdisciplinario) Objetivo: Garantizar que se protejan y se respeten los derechos de ni\u00f1as, ni\u00f1os [&hellip;]<\/p>\n","protected":false},"author":1,"featured_media":0,"parent":0,"menu_order":0,"comment_status":"closed","ping_status":"closed","template":"","meta":{"footnotes":""},"class_list":["post-6938","page","type-page","status-publish","czr-hentry"],"yoast_head":"<!-- This site is optimized with the Yoast SEO plugin v27.2 - https:\/\/yoast.com\/product\/yoast-seo-wordpress\/ -->\n<title>Delegaci\u00f3n Institucional de Protecci\u00f3n Ni\u00f1as, Ni\u00f1os y Adolescentes. &#8226; DIF Puerto Vallarta<\/title>\n<meta name=\"description\" content=\"DIF Puerto Vallarta &#8226; Titular:&nbsp; Lcda. Judith Araceli L\u00f3pez Yerena Correo: dippna@difpuertovallarta.gob.mx Domicilio: Avenida Paseo de las Palmas, s\/n, Barrio Sta. Mar\u00eda,\" \/>\n<meta name=\"robots\" content=\"index, follow, max-snippet:-1, max-image-preview:large, max-video-preview:-1\" \/>\n<link rel=\"canonical\" href=\"https:\/\/difpuertovallarta.gob.mx\/cms\/procuraduria\/\" \/>\n<meta property=\"og:locale\" content=\"es_MX\" \/>\n<meta property=\"og:type\" content=\"article\" \/>\n<meta property=\"og:title\" content=\"Delegaci\u00f3n Institucional de Protecci\u00f3n Ni\u00f1as, Ni\u00f1os y Adolescentes. &#8226; DIF Puerto Vallarta\" \/>\n<meta property=\"og:description\" content=\"DIF Puerto Vallarta &#8226; Titular:&nbsp; Lcda. Judith Araceli L\u00f3pez Yerena Correo: dippna@difpuertovallarta.gob.mx Domicilio: Avenida Paseo de las Palmas, s\/n, Barrio Sta. Mar\u00eda,\" \/>\n<meta property=\"og:url\" content=\"https:\/\/difpuertovallarta.gob.mx\/cms\/procuraduria\/\" \/>\n<meta property=\"og:site_name\" content=\"DIF Puerto Vallarta\" \/>\n<meta property=\"article:publisher\" content=\"https:\/\/www.facebook.com\/sistemadifvallarta\" \/>\n<meta property=\"article:modified_time\" content=\"2023-07-06T21:51:56+00:00\" \/>\n<meta property=\"og:image\" content=\"https:\/\/difpuertovallarta.gob.mx\/cms\/wp-content\/uploads\/2023\/07\/PPNNA-1.jpg\" \/>\n<meta name=\"twitter:card\" content=\"summary_large_image\" \/>\n<meta name=\"twitter:site\" content=\"@difvallarta\" \/>\n<meta name=\"twitter:label1\" content=\"Tiempo de lectura\" \/>\n\t<meta name=\"twitter:data1\" content=\"3 minutos\" \/>\n<script type=\"application\/ld+json\" class=\"yoast-schema-graph\">{\"@context\":\"https:\/\/schema.org\",\"@graph\":[{\"@type\":\"WebPage\",\"@id\":\"https:\/\/difpuertovallarta.gob.mx\/cms\/procuraduria\/\",\"url\":\"https:\/\/difpuertovallarta.gob.mx\/cms\/procuraduria\/\",\"name\":\"Delegaci\u00f3n Institucional de Protecci\u00f3n Ni\u00f1as, Ni\u00f1os y Adolescentes. &#8226; DIF Puerto Vallarta\",\"isPartOf\":{\"@id\":\"https:\/\/difpuertovallarta.gob.mx\/cms\/#website\"},\"primaryImageOfPage\":{\"@id\":\"https:\/\/difpuertovallarta.gob.mx\/cms\/procuraduria\/#primaryimage\"},\"image\":{\"@id\":\"https:\/\/difpuertovallarta.gob.mx\/cms\/procuraduria\/#primaryimage\"},\"thumbnailUrl\":\"https:\/\/difpuertovallarta.gob.mx\/cms\/wp-content\/uploads\/2023\/07\/PPNNA-1.jpg\",\"datePublished\":\"2018-12-12T01:45:40+00:00\",\"dateModified\":\"2023-07-06T21:51:56+00:00\",\"description\":\"DIF Puerto Vallarta &#8226; Titular:&nbsp; Lcda. Judith Araceli L\u00f3pez Yerena Correo: dippna@difpuertovallarta.gob.mx Domicilio: Avenida Paseo de las Palmas, s\/n, Barrio Sta. Mar\u00eda,\",\"breadcrumb\":{\"@id\":\"https:\/\/difpuertovallarta.gob.mx\/cms\/procuraduria\/#breadcrumb\"},\"inLanguage\":\"es\",\"potentialAction\":[{\"@type\":\"ReadAction\",\"target\":[\"https:\/\/difpuertovallarta.gob.mx\/cms\/procuraduria\/\"]}]},{\"@type\":\"ImageObject\",\"inLanguage\":\"es\",\"@id\":\"https:\/\/difpuertovallarta.gob.mx\/cms\/procuraduria\/#primaryimage\",\"url\":\"https:\/\/difpuertovallarta.gob.mx\/cms\/wp-content\/uploads\/2023\/07\/PPNNA-1.jpg\",\"contentUrl\":\"https:\/\/difpuertovallarta.gob.mx\/cms\/wp-content\/uploads\/2023\/07\/PPNNA-1.jpg\"},{\"@type\":\"BreadcrumbList\",\"@id\":\"https:\/\/difpuertovallarta.gob.mx\/cms\/procuraduria\/#breadcrumb\",\"itemListElement\":[{\"@type\":\"ListItem\",\"position\":1,\"name\":\"Inicio\",\"item\":\"https:\/\/difpuertovallarta.gob.mx\/cms\/\"},{\"@type\":\"ListItem\",\"position\":2,\"name\":\"Delegaci\u00f3n Institucional de Protecci\u00f3n Ni\u00f1as, Ni\u00f1os y Adolescentes.\"}]},{\"@type\":\"WebSite\",\"@id\":\"https:\/\/difpuertovallarta.gob.mx\/cms\/#website\",\"url\":\"https:\/\/difpuertovallarta.gob.mx\/cms\/\",\"name\":\"DIF Puerto Vallarta\",\"description\":\"Sistema para el Desarrollo Integral de la Familia para el Municipio de Puerto Vallarta, Jalisco.\",\"publisher\":{\"@id\":\"https:\/\/difpuertovallarta.gob.mx\/cms\/#organization\"},\"potentialAction\":[{\"@type\":\"SearchAction\",\"target\":{\"@type\":\"EntryPoint\",\"urlTemplate\":\"https:\/\/difpuertovallarta.gob.mx\/cms\/?s={search_term_string}\"},\"query-input\":{\"@type\":\"PropertyValueSpecification\",\"valueRequired\":true,\"valueName\":\"search_term_string\"}}],\"inLanguage\":\"es\"},{\"@type\":\"Organization\",\"@id\":\"https:\/\/difpuertovallarta.gob.mx\/cms\/#organization\",\"name\":\"Sistema DIF Puerto Vallarta\",\"url\":\"https:\/\/difpuertovallarta.gob.mx\/cms\/\",\"logo\":{\"@type\":\"ImageObject\",\"inLanguage\":\"es\",\"@id\":\"https:\/\/difpuertovallarta.gob.mx\/cms\/#\/schema\/logo\/image\/\",\"url\":\"http:\/\/difpuertovallarta.gob.mx\/cms\/wp-content\/uploads\/2018\/12\/LOGO-DIF-2021-NAVIDAD.jpg\",\"contentUrl\":\"http:\/\/difpuertovallarta.gob.mx\/cms\/wp-content\/uploads\/2018\/12\/LOGO-DIF-2021-NAVIDAD.jpg\",\"width\":834,\"height\":834,\"caption\":\"Sistema DIF Puerto Vallarta\"},\"image\":{\"@id\":\"https:\/\/difpuertovallarta.gob.mx\/cms\/#\/schema\/logo\/image\/\"},\"sameAs\":[\"https:\/\/www.facebook.com\/sistemadifvallarta\",\"https:\/\/x.com\/difvallarta\"]}]}<\/script>\n<!-- \/ Yoast SEO plugin. -->","yoast_head_json":{"title":"Delegaci\u00f3n Institucional de Protecci\u00f3n Ni\u00f1as, Ni\u00f1os y Adolescentes. &#8226; DIF Puerto Vallarta","description":"DIF Puerto Vallarta &#8226; Titular:&nbsp; Lcda. Judith Araceli L\u00f3pez Yerena Correo: dippna@difpuertovallarta.gob.mx Domicilio: Avenida Paseo de las Palmas, s\/n, Barrio Sta. Mar\u00eda,","robots":{"index":"index","follow":"follow","max-snippet":"max-snippet:-1","max-image-preview":"max-image-preview:large","max-video-preview":"max-video-preview:-1"},"canonical":"https:\/\/difpuertovallarta.gob.mx\/cms\/procuraduria\/","og_locale":"es_MX","og_type":"article","og_title":"Delegaci\u00f3n Institucional de Protecci\u00f3n Ni\u00f1as, Ni\u00f1os y Adolescentes. &#8226; DIF Puerto Vallarta","og_description":"DIF Puerto Vallarta &#8226; Titular:&nbsp; Lcda. Judith Araceli L\u00f3pez Yerena Correo: dippna@difpuertovallarta.gob.mx Domicilio: Avenida Paseo de las Palmas, s\/n, Barrio Sta. Mar\u00eda,","og_url":"https:\/\/difpuertovallarta.gob.mx\/cms\/procuraduria\/","og_site_name":"DIF Puerto Vallarta","article_publisher":"https:\/\/www.facebook.com\/sistemadifvallarta","article_modified_time":"2023-07-06T21:51:56+00:00","og_image":[{"url":"https:\/\/difpuertovallarta.gob.mx\/cms\/wp-content\/uploads\/2023\/07\/PPNNA-1.jpg","type":"","width":"","height":""}],"twitter_card":"summary_large_image","twitter_site":"@difvallarta","twitter_misc":{"Tiempo de lectura":"3 minutos"},"schema":{"@context":"https:\/\/schema.org","@graph":[{"@type":"WebPage","@id":"https:\/\/difpuertovallarta.gob.mx\/cms\/procuraduria\/","url":"https:\/\/difpuertovallarta.gob.mx\/cms\/procuraduria\/","name":"Delegaci\u00f3n Institucional de Protecci\u00f3n Ni\u00f1as, Ni\u00f1os y Adolescentes. &#8226; DIF Puerto Vallarta","isPartOf":{"@id":"https:\/\/difpuertovallarta.gob.mx\/cms\/#website"},"primaryImageOfPage":{"@id":"https:\/\/difpuertovallarta.gob.mx\/cms\/procuraduria\/#primaryimage"},"image":{"@id":"https:\/\/difpuertovallarta.gob.mx\/cms\/procuraduria\/#primaryimage"},"thumbnailUrl":"https:\/\/difpuertovallarta.gob.mx\/cms\/wp-content\/uploads\/2023\/07\/PPNNA-1.jpg","datePublished":"2018-12-12T01:45:40+00:00","dateModified":"2023-07-06T21:51:56+00:00","description":"DIF Puerto Vallarta &#8226; Titular:&nbsp; Lcda. Judith Araceli L\u00f3pez Yerena Correo: dippna@difpuertovallarta.gob.mx Domicilio: Avenida Paseo de las Palmas, s\/n, Barrio Sta. Mar\u00eda,","breadcrumb":{"@id":"https:\/\/difpuertovallarta.gob.mx\/cms\/procuraduria\/#breadcrumb"},"inLanguage":"es","potentialAction":[{"@type":"ReadAction","target":["https:\/\/difpuertovallarta.gob.mx\/cms\/procuraduria\/"]}]},{"@type":"ImageObject","inLanguage":"es","@id":"https:\/\/difpuertovallarta.gob.mx\/cms\/procuraduria\/#primaryimage","url":"https:\/\/difpuertovallarta.gob.mx\/cms\/wp-content\/uploads\/2023\/07\/PPNNA-1.jpg","contentUrl":"https:\/\/difpuertovallarta.gob.mx\/cms\/wp-content\/uploads\/2023\/07\/PPNNA-1.jpg"},{"@type":"BreadcrumbList","@id":"https:\/\/difpuertovallarta.gob.mx\/cms\/procuraduria\/#breadcrumb","itemListElement":[{"@type":"ListItem","position":1,"name":"Inicio","item":"https:\/\/difpuertovallarta.gob.mx\/cms\/"},{"@type":"ListItem","position":2,"name":"Delegaci\u00f3n Institucional de Protecci\u00f3n Ni\u00f1as, Ni\u00f1os y Adolescentes."}]},{"@type":"WebSite","@id":"https:\/\/difpuertovallarta.gob.mx\/cms\/#website","url":"https:\/\/difpuertovallarta.gob.mx\/cms\/","name":"DIF Puerto Vallarta","description":"Sistema para el Desarrollo Integral de la Familia para el Municipio de Puerto Vallarta, Jalisco.","publisher":{"@id":"https:\/\/difpuertovallarta.gob.mx\/cms\/#organization"},"potentialAction":[{"@type":"SearchAction","target":{"@type":"EntryPoint","urlTemplate":"https:\/\/difpuertovallarta.gob.mx\/cms\/?s={search_term_string}"},"query-input":{"@type":"PropertyValueSpecification","valueRequired":true,"valueName":"search_term_string"}}],"inLanguage":"es"},{"@type":"Organization","@id":"https:\/\/difpuertovallarta.gob.mx\/cms\/#organization","name":"Sistema DIF Puerto Vallarta","url":"https:\/\/difpuertovallarta.gob.mx\/cms\/","logo":{"@type":"ImageObject","inLanguage":"es","@id":"https:\/\/difpuertovallarta.gob.mx\/cms\/#\/schema\/logo\/image\/","url":"http:\/\/difpuertovallarta.gob.mx\/cms\/wp-content\/uploads\/2018\/12\/LOGO-DIF-2021-NAVIDAD.jpg","contentUrl":"http:\/\/difpuertovallarta.gob.mx\/cms\/wp-content\/uploads\/2018\/12\/LOGO-DIF-2021-NAVIDAD.jpg","width":834,"height":834,"caption":"Sistema DIF Puerto Vallarta"},"image":{"@id":"https:\/\/difpuertovallarta.gob.mx\/cms\/#\/schema\/logo\/image\/"},"sameAs":["https:\/\/www.facebook.com\/sistemadifvallarta","https:\/\/x.com\/difvallarta"]}]}},"_links":{"self":[{"href":"https:\/\/difpuertovallarta.gob.mx\/cms\/wp-json\/wp\/v2\/pages\/6938","targetHints":{"allow":["GET"]}}],"collection":[{"href":"https:\/\/difpuertovallarta.gob.mx\/cms\/wp-json\/wp\/v2\/pages"}],"about":[{"href":"https:\/\/difpuertovallarta.gob.mx\/cms\/wp-json\/wp\/v2\/types\/page"}],"author":[{"embeddable":true,"href":"https:\/\/difpuertovallarta.gob.mx\/cms\/wp-json\/wp\/v2\/users\/1"}],"replies":[{"embeddable":true,"href":"https:\/\/difpuertovallarta.gob.mx\/cms\/wp-json\/wp\/v2\/comments?post=6938"}],"version-history":[{"count":1,"href":"https:\/\/difpuertovallarta.gob.mx\/cms\/wp-json\/wp\/v2\/pages\/6938\/revisions"}],"predecessor-version":[{"id":6939,"href":"https:\/\/difpuertovallarta.gob.mx\/cms\/wp-json\/wp\/v2\/pages\/6938\/revisions\/6939"}],"wp:attachment":[{"href":"https:\/\/difpuertovallarta.gob.mx\/cms\/wp-json\/wp\/v2\/media?parent=6938"}],"curies":[{"name":"wp","href":"https:\/\/api.w.org\/{rel}","templated":true}]}}