{"id":6928,"date":"2018-12-11T19:29:33","date_gmt":"2018-12-12T01:29:33","guid":{"rendered":"http:\/\/difpuertovallarta.gob.mx\/cms\/?page_id=6928"},"modified":"2023-07-06T17:07:30","modified_gmt":"2023-07-06T22:07:30","slug":"ecapaf","status":"publish","type":"page","link":"https:\/\/difpuertovallarta.gob.mx\/cms\/ecapaf\/","title":{"rendered":"Crianza Positiva (Escuela para Padres)"},"content":{"rendered":"<p>La crianza positiva es el conjunto de pr\u00e1cticas de cuidado, protecci\u00f3n, formaci\u00f3n y gu\u00eda que ayudan al desarrollo, bienestar y crecimiento saludable y armonioso de las ni\u00f1as, ni\u00f1os y adolescentes. Toma en cuenta:<\/p>\n<ul>\n<li>La evoluci\u00f3n de las facultades de la ni\u00f1a, ni\u00f1o o adolescente.<\/li>\n<li>La edad en la que se encuentra.<\/li>\n<li>Las caracter\u00edsticas y cualidades de cada ni\u00f1a, ni\u00f1o o adolescente, sus intereses, motivaciones y aspiraciones.<\/li>\n<li>La decisi\u00f3n consciente de no recurrir a castigos f\u00edsicos ni a tratos humillantes.<\/li>\n<li>El respeto a los derechos de la ni\u00f1a, ni\u00f1o o adolescente.<\/li>\n<\/ul>\n<p><strong>Caracter\u00edsticas:<\/strong><\/p>\n<ul>\n<li>Se trabaja 1 sesi\u00f3n por semana con los padres o tutores de familia de los NNA.<\/li>\n<li>Los temas tendr\u00e1n una duraci\u00f3n aproximada de 1 hora.<\/li>\n<li>La sesi\u00f3n ser\u00e1 trabajada como taller, con actividades que involucren la participaci\u00f3n de todos y elaboraci\u00f3n de tareas.<\/li>\n<\/ul>\n<p><strong>Tem\u00e1ticas a trabajar*:<\/strong><\/p>\n<ol>\n<li>El valor de la persona y la familia.<\/li>\n<li>Comunicaci\u00f3n en la familia.<\/li>\n<li>Prevenci\u00f3n de adicciones.<\/li>\n<li>Riesgos cibern\u00e9ticos.<\/li>\n<li>Autolesiones.<\/li>\n<li>Riesgos psicoemocionales.<\/li>\n<li>Acoso escolar.<\/li>\n<li>Migraci\u00f3n infantil.<\/li>\n<li>Trabajo infantil.<\/li>\n<li>Violencia en el noviazgo.<\/li>\n<li>Embarazo en adolescentes.<\/li>\n<li>Abuso sexual infantil.<\/li>\n<\/ol>\n<p>*Las tem\u00e1ticas pueden variar de acuerdo a las necesidades de cada grupo.<\/p>\n<p><strong>\u00bfCu\u00e1ndo debo solicitar este servicio?<\/strong><\/p>\n<ul>\n<li>Cuando te encuentres en un proceso jur\u00eddico.<\/li>\n<li>Cuando desees orientaci\u00f3n y gu\u00eda en crianza.<\/li>\n<li>Cuando te sea solicitado por una instituci\u00f3n escolar o gubernamental.<\/li>\n<li>Cuando te encuentres en un proceso de adopci\u00f3n.<\/li>\n<li>Cuando te encuentres en crisis en relaci\u00f3n a tu crianza.<\/li>\n<\/ul>\n<p><strong>Dirigido a:<\/strong><\/p>\n<ul>\n<li>P\u00fablico en General<\/li>\n<li>Padres y madres de familia.<\/li>\n<li>Tutores.<\/li>\n<li>Instituciones gubernamentales o educativas.<\/li>\n<\/ul>\n<p><strong>Requisitos y documentaci\u00f3n:<\/strong> Ser mayor de edad, entregar identificaci\u00f3n oficial, CURP, comprobante de domicilio y entregar solicitud de registro.<\/p>\n<p><strong>\u00a0<\/strong><\/p>\n<p><strong>Horario de atenci\u00f3n:<\/strong> 8:00 a.m &#8211; 4:00 p.m de lunes a\u00a0 viernes.<\/p>\n<p><strong>Datos de contacto y domicilio<\/strong>:<\/p>\n<p>Sistema DIF de Puerto Vallarta<\/p>\n<p>Av. paseo de las palmas s\/n Col. Barrio Santa Mar\u00eda.<\/p>\n<p>Tel\u00e9fono: 3222259936 al 40 Ext:1014<\/p>\n\n","protected":false},"excerpt":{"rendered":"<p>La crianza positiva es el conjunto de pr\u00e1cticas de cuidado, protecci\u00f3n, formaci\u00f3n y gu\u00eda que ayudan al desarrollo, bienestar y crecimiento saludable y armonioso de las ni\u00f1as, ni\u00f1os y adolescentes. Toma en cuenta: La evoluci\u00f3n de las facultades de la ni\u00f1a, ni\u00f1o o adolescente. La edad en la que se encuentra. Las caracter\u00edsticas y cualidades [&hellip;]<\/p>\n","protected":false},"author":1,"featured_media":0,"parent":0,"menu_order":0,"comment_status":"closed","ping_status":"closed","template":"","meta":{"footnotes":""},"class_list":["post-6928","page","type-page","status-publish","czr-hentry"],"yoast_head":"<!-- This site is optimized with the Yoast SEO plugin v27.2 - https:\/\/yoast.com\/product\/yoast-seo-wordpress\/ -->\n<title>Crianza Positiva (Escuela para Padres) &#8226; DIF Puerto Vallarta<\/title>\n<meta name=\"description\" content=\"DIF Puerto Vallarta &#8226; La crianza positiva es el conjunto de pr\u00e1cticas de cuidado, protecci\u00f3n, formaci\u00f3n y gu\u00eda que ayudan al desarrollo, bienestar y crecimiento saludable y\" \/>\n<meta name=\"robots\" content=\"index, follow, max-snippet:-1, max-image-preview:large, max-video-preview:-1\" \/>\n<link rel=\"canonical\" href=\"https:\/\/difpuertovallarta.gob.mx\/cms\/ecapaf\/\" \/>\n<meta property=\"og:locale\" content=\"es_MX\" \/>\n<meta property=\"og:type\" content=\"article\" \/>\n<meta property=\"og:title\" content=\"Crianza Positiva (Escuela para Padres) &#8226; DIF Puerto Vallarta\" \/>\n<meta property=\"og:description\" content=\"DIF Puerto Vallarta &#8226; La crianza positiva es el conjunto de pr\u00e1cticas de cuidado, protecci\u00f3n, formaci\u00f3n y gu\u00eda que ayudan al desarrollo, bienestar y crecimiento saludable y\" \/>\n<meta property=\"og:url\" content=\"https:\/\/difpuertovallarta.gob.mx\/cms\/ecapaf\/\" \/>\n<meta property=\"og:site_name\" content=\"DIF Puerto Vallarta\" \/>\n<meta property=\"article:publisher\" content=\"https:\/\/www.facebook.com\/sistemadifvallarta\" \/>\n<meta property=\"article:modified_time\" content=\"2023-07-06T22:07:30+00:00\" \/>\n<meta property=\"og:image\" content=\"https:\/\/difpuertovallarta.gob.mx\/cms\/wp-content\/uploads\/2018\/09\/COMUNICADO-2896-DIF-Escuela-para-Padres-Fiest-a-Americana-5-150x150.jpg\" \/>\n<meta name=\"twitter:card\" content=\"summary_large_image\" \/>\n<meta name=\"twitter:site\" content=\"@difvallarta\" \/>\n<meta name=\"twitter:label1\" content=\"Tiempo de lectura\" \/>\n\t<meta name=\"twitter:data1\" content=\"2 minutos\" \/>\n<script type=\"application\/ld+json\" class=\"yoast-schema-graph\">{\"@context\":\"https:\/\/schema.org\",\"@graph\":[{\"@type\":\"WebPage\",\"@id\":\"https:\/\/difpuertovallarta.gob.mx\/cms\/ecapaf\/\",\"url\":\"https:\/\/difpuertovallarta.gob.mx\/cms\/ecapaf\/\",\"name\":\"Crianza Positiva (Escuela para Padres) &#8226; DIF Puerto Vallarta\",\"isPartOf\":{\"@id\":\"https:\/\/difpuertovallarta.gob.mx\/cms\/#website\"},\"datePublished\":\"2018-12-12T01:29:33+00:00\",\"dateModified\":\"2023-07-06T22:07:30+00:00\",\"description\":\"DIF Puerto Vallarta &#8226; La crianza positiva es el conjunto de pr\u00e1cticas de cuidado, protecci\u00f3n, formaci\u00f3n y gu\u00eda que ayudan al desarrollo, bienestar y crecimiento saludable y\",\"breadcrumb\":{\"@id\":\"https:\/\/difpuertovallarta.gob.mx\/cms\/ecapaf\/#breadcrumb\"},\"inLanguage\":\"es\",\"potentialAction\":[{\"@type\":\"ReadAction\",\"target\":[\"https:\/\/difpuertovallarta.gob.mx\/cms\/ecapaf\/\"]}]},{\"@type\":\"BreadcrumbList\",\"@id\":\"https:\/\/difpuertovallarta.gob.mx\/cms\/ecapaf\/#breadcrumb\",\"itemListElement\":[{\"@type\":\"ListItem\",\"position\":1,\"name\":\"Inicio\",\"item\":\"https:\/\/difpuertovallarta.gob.mx\/cms\/\"},{\"@type\":\"ListItem\",\"position\":2,\"name\":\"Crianza Positiva (Escuela para Padres)\"}]},{\"@type\":\"WebSite\",\"@id\":\"https:\/\/difpuertovallarta.gob.mx\/cms\/#website\",\"url\":\"https:\/\/difpuertovallarta.gob.mx\/cms\/\",\"name\":\"DIF Puerto Vallarta\",\"description\":\"Sistema para el Desarrollo Integral de la Familia para el Municipio de Puerto Vallarta, Jalisco.\",\"publisher\":{\"@id\":\"https:\/\/difpuertovallarta.gob.mx\/cms\/#organization\"},\"potentialAction\":[{\"@type\":\"SearchAction\",\"target\":{\"@type\":\"EntryPoint\",\"urlTemplate\":\"https:\/\/difpuertovallarta.gob.mx\/cms\/?s={search_term_string}\"},\"query-input\":{\"@type\":\"PropertyValueSpecification\",\"valueRequired\":true,\"valueName\":\"search_term_string\"}}],\"inLanguage\":\"es\"},{\"@type\":\"Organization\",\"@id\":\"https:\/\/difpuertovallarta.gob.mx\/cms\/#organization\",\"name\":\"Sistema DIF Puerto Vallarta\",\"url\":\"https:\/\/difpuertovallarta.gob.mx\/cms\/\",\"logo\":{\"@type\":\"ImageObject\",\"inLanguage\":\"es\",\"@id\":\"https:\/\/difpuertovallarta.gob.mx\/cms\/#\/schema\/logo\/image\/\",\"url\":\"http:\/\/difpuertovallarta.gob.mx\/cms\/wp-content\/uploads\/2018\/12\/LOGO-DIF-2021-NAVIDAD.jpg\",\"contentUrl\":\"http:\/\/difpuertovallarta.gob.mx\/cms\/wp-content\/uploads\/2018\/12\/LOGO-DIF-2021-NAVIDAD.jpg\",\"width\":834,\"height\":834,\"caption\":\"Sistema DIF Puerto Vallarta\"},\"image\":{\"@id\":\"https:\/\/difpuertovallarta.gob.mx\/cms\/#\/schema\/logo\/image\/\"},\"sameAs\":[\"https:\/\/www.facebook.com\/sistemadifvallarta\",\"https:\/\/x.com\/difvallarta\"]}]}<\/script>\n<!-- \/ Yoast SEO plugin. -->","yoast_head_json":{"title":"Crianza Positiva (Escuela para Padres) &#8226; DIF Puerto Vallarta","description":"DIF Puerto Vallarta &#8226; La crianza positiva es el conjunto de pr\u00e1cticas de cuidado, protecci\u00f3n, formaci\u00f3n y gu\u00eda que ayudan al desarrollo, bienestar y crecimiento saludable y","robots":{"index":"index","follow":"follow","max-snippet":"max-snippet:-1","max-image-preview":"max-image-preview:large","max-video-preview":"max-video-preview:-1"},"canonical":"https:\/\/difpuertovallarta.gob.mx\/cms\/ecapaf\/","og_locale":"es_MX","og_type":"article","og_title":"Crianza Positiva (Escuela para Padres) &#8226; DIF Puerto Vallarta","og_description":"DIF Puerto Vallarta &#8226; La crianza positiva es el conjunto de pr\u00e1cticas de cuidado, protecci\u00f3n, formaci\u00f3n y gu\u00eda que ayudan al desarrollo, bienestar y crecimiento saludable y","og_url":"https:\/\/difpuertovallarta.gob.mx\/cms\/ecapaf\/","og_site_name":"DIF Puerto Vallarta","article_publisher":"https:\/\/www.facebook.com\/sistemadifvallarta","article_modified_time":"2023-07-06T22:07:30+00:00","og_image":[{"url":"https:\/\/difpuertovallarta.gob.mx\/cms\/wp-content\/uploads\/2018\/09\/COMUNICADO-2896-DIF-Escuela-para-Padres-Fiest-a-Americana-5-150x150.jpg","type":"","width":"","height":""}],"twitter_card":"summary_large_image","twitter_site":"@difvallarta","twitter_misc":{"Tiempo de lectura":"2 minutos"},"schema":{"@context":"https:\/\/schema.org","@graph":[{"@type":"WebPage","@id":"https:\/\/difpuertovallarta.gob.mx\/cms\/ecapaf\/","url":"https:\/\/difpuertovallarta.gob.mx\/cms\/ecapaf\/","name":"Crianza Positiva (Escuela para Padres) &#8226; DIF Puerto Vallarta","isPartOf":{"@id":"https:\/\/difpuertovallarta.gob.mx\/cms\/#website"},"datePublished":"2018-12-12T01:29:33+00:00","dateModified":"2023-07-06T22:07:30+00:00","description":"DIF Puerto Vallarta &#8226; La crianza positiva es el conjunto de pr\u00e1cticas de cuidado, protecci\u00f3n, formaci\u00f3n y gu\u00eda que ayudan al desarrollo, bienestar y crecimiento saludable y","breadcrumb":{"@id":"https:\/\/difpuertovallarta.gob.mx\/cms\/ecapaf\/#breadcrumb"},"inLanguage":"es","potentialAction":[{"@type":"ReadAction","target":["https:\/\/difpuertovallarta.gob.mx\/cms\/ecapaf\/"]}]},{"@type":"BreadcrumbList","@id":"https:\/\/difpuertovallarta.gob.mx\/cms\/ecapaf\/#breadcrumb","itemListElement":[{"@type":"ListItem","position":1,"name":"Inicio","item":"https:\/\/difpuertovallarta.gob.mx\/cms\/"},{"@type":"ListItem","position":2,"name":"Crianza Positiva (Escuela para Padres)"}]},{"@type":"WebSite","@id":"https:\/\/difpuertovallarta.gob.mx\/cms\/#website","url":"https:\/\/difpuertovallarta.gob.mx\/cms\/","name":"DIF Puerto Vallarta","description":"Sistema para el Desarrollo Integral de la Familia para el Municipio de Puerto Vallarta, Jalisco.","publisher":{"@id":"https:\/\/difpuertovallarta.gob.mx\/cms\/#organization"},"potentialAction":[{"@type":"SearchAction","target":{"@type":"EntryPoint","urlTemplate":"https:\/\/difpuertovallarta.gob.mx\/cms\/?s={search_term_string}"},"query-input":{"@type":"PropertyValueSpecification","valueRequired":true,"valueName":"search_term_string"}}],"inLanguage":"es"},{"@type":"Organization","@id":"https:\/\/difpuertovallarta.gob.mx\/cms\/#organization","name":"Sistema DIF Puerto Vallarta","url":"https:\/\/difpuertovallarta.gob.mx\/cms\/","logo":{"@type":"ImageObject","inLanguage":"es","@id":"https:\/\/difpuertovallarta.gob.mx\/cms\/#\/schema\/logo\/image\/","url":"http:\/\/difpuertovallarta.gob.mx\/cms\/wp-content\/uploads\/2018\/12\/LOGO-DIF-2021-NAVIDAD.jpg","contentUrl":"http:\/\/difpuertovallarta.gob.mx\/cms\/wp-content\/uploads\/2018\/12\/LOGO-DIF-2021-NAVIDAD.jpg","width":834,"height":834,"caption":"Sistema DIF Puerto Vallarta"},"image":{"@id":"https:\/\/difpuertovallarta.gob.mx\/cms\/#\/schema\/logo\/image\/"},"sameAs":["https:\/\/www.facebook.com\/sistemadifvallarta","https:\/\/x.com\/difvallarta"]}]}},"_links":{"self":[{"href":"https:\/\/difpuertovallarta.gob.mx\/cms\/wp-json\/wp\/v2\/pages\/6928","targetHints":{"allow":["GET"]}}],"collection":[{"href":"https:\/\/difpuertovallarta.gob.mx\/cms\/wp-json\/wp\/v2\/pages"}],"about":[{"href":"https:\/\/difpuertovallarta.gob.mx\/cms\/wp-json\/wp\/v2\/types\/page"}],"author":[{"embeddable":true,"href":"https:\/\/difpuertovallarta.gob.mx\/cms\/wp-json\/wp\/v2\/users\/1"}],"replies":[{"embeddable":true,"href":"https:\/\/difpuertovallarta.gob.mx\/cms\/wp-json\/wp\/v2\/comments?post=6928"}],"version-history":[{"count":2,"href":"https:\/\/difpuertovallarta.gob.mx\/cms\/wp-json\/wp\/v2\/pages\/6928\/revisions"}],"predecessor-version":[{"id":6933,"href":"https:\/\/difpuertovallarta.gob.mx\/cms\/wp-json\/wp\/v2\/pages\/6928\/revisions\/6933"}],"wp:attachment":[{"href":"https:\/\/difpuertovallarta.gob.mx\/cms\/wp-json\/wp\/v2\/media?parent=6928"}],"curies":[{"name":"wp","href":"https:\/\/api.w.org\/{rel}","templated":true}]}}