{"id":6892,"date":"2018-12-11T15:50:34","date_gmt":"2018-12-11T21:50:34","guid":{"rendered":"http:\/\/difpuertovallarta.gob.mx\/cms\/?page_id=6892"},"modified":"2023-07-06T17:23:28","modified_gmt":"2023-07-06T22:23:28","slug":"centro-de-desarrollo","status":"publish","type":"page","link":"https:\/\/difpuertovallarta.gob.mx\/cms\/centro-de-desarrollo\/","title":{"rendered":"Centro de Desarrollo Comunitario"},"content":{"rendered":"<div id=\"pl-6892\"  class=\"panel-layout\" ><div id=\"pg-6892-0\"  class=\"panel-grid panel-no-style\" ><div id=\"pgc-6892-0-0\"  class=\"panel-grid-cell\" ><div id=\"panel-6892-0-0-0\" class=\"so-panel widget widget_sow-editor panel-first-child\" data-index=\"0\" ><div\n\t\t\t\n\t\t\tclass=\"so-widget-sow-editor so-widget-sow-editor-base\"\n\t\t\t\n\t\t>\n<div class=\"siteorigin-widget-tinymce textwidget\">\n\t<p>Centro enfocado a la capacitaci\u00f3n y formaci\u00f3n de habilidades productivas para que hombres y mujeres, en equidad, reciban las mismas oportunidades como generadores de condiciones econ\u00f3micas y de bienestar familiar, mediante acciones de capacitaci\u00f3n y participaci\u00f3n comunitaria.<\/p>\n<p><strong>La oferta actual es la siguiente:<\/strong><\/p>\n<ul>\n<li>Reposter\u00eda.<\/li>\n<li>Terapeuta spa.<\/li>\n<li>Velas y jabones.<\/li>\n<li>T\u00e9cnicas de maquillaje.<\/li>\n<li>T\u00e9cnicas de u\u00f1as.<\/li>\n<li>Barber\u00eda.<\/li>\n<li>Cocina internacional.<\/li>\n<li>Computaci\u00f3n.<\/li>\n<li>Ingl\u00e9s para adultos.<\/li>\n<li>Ingl\u00e9s para adolescentes.<\/li>\n<li>Pi\u00f1atas.<\/li>\n<li>Manualidades<\/li>\n<li>Curso de coronas de muerto.<\/li>\n<\/ul>\n<p>-Se oferta el \u201cCurso de verano\u201d para ni\u00f1os durante el periodo vacacional de verano.<\/p>\n<ul>\n<li>UdeG Virtual<\/li>\n<\/ul>\n<p>Dentro del centro se cuenta con equipo de c\u00f3mputo del Sistema Virtual de la Universidad de Guadalajara, espacio destinado a los siguientes programas educativos abiertos al p\u00fablico en general de manera virtual:<\/p>\n<ul>\n<li>Preparatoria.<\/li>\n<li>Licenciaturas.<\/li>\n<li>Diplomados.<\/li>\n<li>Maestr\u00edas.<\/li>\n<li>Cursos de educaci\u00f3n continua.<\/li>\n<\/ul>\n<p><strong>Horario de atenci\u00f3n<\/strong>: 8:00 am a 8:00 pm<\/p>\n<p><strong>Documentaci\u00f3n requerida: <\/strong><\/p>\n<ul>\n<li>(En caso de ser menor la INE del padre o tutor).<\/li>\n<li>CURP.<\/li>\n<li>Comprobante de domicilio.<\/li>\n<li>Solicitud de registro.<\/li>\n<\/ul>\n<p><strong>Cuotas de recuperaci\u00f3n:<\/strong><\/p>\n<p>*Los costos de las capacitaciones var\u00edan de acuerdo al aprendizaje a adquirir.<\/p>\n<p><strong>Datos de contacto y domicilio:<\/strong><\/p>\n<p>Domicilio Calle Ca\u00f1ada #100 esquina con La Monta\u00f1a, Fraccionamiento Campo Verde CP. 48290, Puerto Vallarta, Jalisco.<\/p>\n<p>Tel\u00e9fono: 3222900265<\/p>\n<p>Correo: <a href=\"mailto:cdc@difpuertovallarta.gob.mx\">cdc@difpuertovallarta.gob.mx<\/a><\/p>\n<!-- No attachments to display. How boring! :( -->\n<p>&nbsp;<\/p>\n<\/div>\n<\/div><\/div><\/div><\/div><div id=\"pg-6892-1\"  class=\"panel-grid panel-no-style\" ><div id=\"pgc-6892-1-0\"  class=\"panel-grid-cell\" ><div id=\"panel-6892-1-0-0\" class=\"so-panel widget widget_black-studio-tinymce widget_black_studio_tinymce panel-first-child panel-last-child\" data-index=\"2\" ><div class=\"textwidget\"><ul>\n<li>Barber\u00eda<\/li>\n<li>Chocolater\u00eda<\/li>\n<li>Cocina<\/li>\n<li>Colorimetr\u00eda<\/li>\n<li>Corte y confecci\u00f3n<\/li>\n<li>Cultora de Belleza<\/li>\n<li>Diplomado avanzado de u\u00f1as<\/li>\n<li>Elaboraci\u00f3n de velas<\/li>\n<li>Ingl\u00e9s<\/li>\n<\/ul>\n<\/div><\/div><\/div><div id=\"pgc-6892-1-1\"  class=\"panel-grid-cell\" ><div id=\"panel-6892-1-1-0\" class=\"so-panel widget widget_black-studio-tinymce widget_black_studio_tinymce panel-first-child panel-last-child\" data-index=\"3\" ><div class=\"textwidget\"><ul>\n<li>Manualidades mixtas<\/li>\n<li>Maquillaje<\/li>\n<li>Mu\u00f1ecos en tela<\/li>\n<li>Pintura textil<\/li>\n<li>Regularizaci\u00f3n<\/li>\n<li>Reposter\u00eda<\/li>\n<li>Reposter\u00eda b\u00e1sica<\/li>\n<li>U\u00f1as b\u00e1sico<\/li>\n<\/ul>\n<\/div><\/div><\/div><\/div><div id=\"pg-6892-2\"  class=\"panel-grid panel-no-style\" ><div id=\"pgc-6892-2-0\"  class=\"panel-grid-cell\" ><div id=\"panel-6892-2-0-0\" class=\"so-panel widget panel-first-child panel-last-child\" data-index=\"4\" ><\/div><\/div><\/div><\/div>","protected":false},"excerpt":{"rendered":"<p>Centro enfocado a la capacitaci\u00f3n y formaci\u00f3n de habilidades productivas para que hombres y mujeres, en equidad, reciban las mismas oportunidades como generadores de condiciones econ\u00f3micas y de bienestar familiar, mediante acciones de capacitaci\u00f3n y participaci\u00f3n comunitaria. La oferta actual es la siguiente: Reposter\u00eda. Terapeuta spa. Velas y jabones. T\u00e9cnicas de maquillaje. T\u00e9cnicas de u\u00f1as. [&hellip;]<\/p>\n","protected":false},"author":1,"featured_media":0,"parent":0,"menu_order":0,"comment_status":"closed","ping_status":"closed","template":"","meta":{"footnotes":""},"class_list":["post-6892","page","type-page","status-publish","czr-hentry"],"yoast_head":"<!-- This site is optimized with the Yoast SEO plugin v27.2 - https:\/\/yoast.com\/product\/yoast-seo-wordpress\/ -->\n<title>Centro de Desarrollo Comunitario &#8226; DIF Puerto Vallarta<\/title>\n<meta name=\"description\" content=\"DIF Puerto Vallarta &#8226; Centro enfocado a la capacitaci\u00f3n y formaci\u00f3n de habilidades productivas para que hombres y mujeres, en equidad, reciban las mismas oportunidades como\" \/>\n<meta name=\"robots\" content=\"index, follow, max-snippet:-1, max-image-preview:large, max-video-preview:-1\" \/>\n<link rel=\"canonical\" href=\"https:\/\/difpuertovallarta.gob.mx\/cms\/centro-de-desarrollo\/\" \/>\n<meta property=\"og:locale\" content=\"es_MX\" \/>\n<meta property=\"og:type\" content=\"article\" \/>\n<meta property=\"og:title\" content=\"Centro de Desarrollo Comunitario &#8226; DIF Puerto Vallarta\" \/>\n<meta property=\"og:description\" content=\"DIF Puerto Vallarta &#8226; Centro enfocado a la capacitaci\u00f3n y formaci\u00f3n de habilidades productivas para que hombres y mujeres, en equidad, reciban las mismas oportunidades como\" \/>\n<meta property=\"og:url\" content=\"https:\/\/difpuertovallarta.gob.mx\/cms\/centro-de-desarrollo\/\" \/>\n<meta property=\"og:site_name\" content=\"DIF Puerto Vallarta\" \/>\n<meta property=\"article:publisher\" content=\"https:\/\/www.facebook.com\/sistemadifvallarta\" \/>\n<meta property=\"article:modified_time\" content=\"2023-07-06T22:23:28+00:00\" \/>\n<meta name=\"twitter:card\" content=\"summary_large_image\" \/>\n<meta name=\"twitter:site\" content=\"@difvallarta\" \/>\n<meta name=\"twitter:label1\" content=\"Tiempo de lectura\" \/>\n\t<meta name=\"twitter:data1\" content=\"1 minuto\" \/>\n<script type=\"application\/ld+json\" class=\"yoast-schema-graph\">{\"@context\":\"https:\/\/schema.org\",\"@graph\":[{\"@type\":\"WebPage\",\"@id\":\"https:\/\/difpuertovallarta.gob.mx\/cms\/centro-de-desarrollo\/\",\"url\":\"https:\/\/difpuertovallarta.gob.mx\/cms\/centro-de-desarrollo\/\",\"name\":\"Centro de Desarrollo Comunitario &#8226; DIF Puerto Vallarta\",\"isPartOf\":{\"@id\":\"https:\/\/difpuertovallarta.gob.mx\/cms\/#website\"},\"datePublished\":\"2018-12-11T21:50:34+00:00\",\"dateModified\":\"2023-07-06T22:23:28+00:00\",\"description\":\"DIF Puerto Vallarta &#8226; Centro enfocado a la capacitaci\u00f3n y formaci\u00f3n de habilidades productivas para que hombres y mujeres, en equidad, reciban las mismas oportunidades como\",\"breadcrumb\":{\"@id\":\"https:\/\/difpuertovallarta.gob.mx\/cms\/centro-de-desarrollo\/#breadcrumb\"},\"inLanguage\":\"es\",\"potentialAction\":[{\"@type\":\"ReadAction\",\"target\":[\"https:\/\/difpuertovallarta.gob.mx\/cms\/centro-de-desarrollo\/\"]}]},{\"@type\":\"BreadcrumbList\",\"@id\":\"https:\/\/difpuertovallarta.gob.mx\/cms\/centro-de-desarrollo\/#breadcrumb\",\"itemListElement\":[{\"@type\":\"ListItem\",\"position\":1,\"name\":\"Inicio\",\"item\":\"https:\/\/difpuertovallarta.gob.mx\/cms\/\"},{\"@type\":\"ListItem\",\"position\":2,\"name\":\"Centro de Desarrollo Comunitario\"}]},{\"@type\":\"WebSite\",\"@id\":\"https:\/\/difpuertovallarta.gob.mx\/cms\/#website\",\"url\":\"https:\/\/difpuertovallarta.gob.mx\/cms\/\",\"name\":\"DIF Puerto Vallarta\",\"description\":\"Sistema para el Desarrollo Integral de la Familia para el Municipio de Puerto Vallarta, Jalisco.\",\"publisher\":{\"@id\":\"https:\/\/difpuertovallarta.gob.mx\/cms\/#organization\"},\"potentialAction\":[{\"@type\":\"SearchAction\",\"target\":{\"@type\":\"EntryPoint\",\"urlTemplate\":\"https:\/\/difpuertovallarta.gob.mx\/cms\/?s={search_term_string}\"},\"query-input\":{\"@type\":\"PropertyValueSpecification\",\"valueRequired\":true,\"valueName\":\"search_term_string\"}}],\"inLanguage\":\"es\"},{\"@type\":\"Organization\",\"@id\":\"https:\/\/difpuertovallarta.gob.mx\/cms\/#organization\",\"name\":\"Sistema DIF Puerto Vallarta\",\"url\":\"https:\/\/difpuertovallarta.gob.mx\/cms\/\",\"logo\":{\"@type\":\"ImageObject\",\"inLanguage\":\"es\",\"@id\":\"https:\/\/difpuertovallarta.gob.mx\/cms\/#\/schema\/logo\/image\/\",\"url\":\"http:\/\/difpuertovallarta.gob.mx\/cms\/wp-content\/uploads\/2018\/12\/LOGO-DIF-2021-NAVIDAD.jpg\",\"contentUrl\":\"http:\/\/difpuertovallarta.gob.mx\/cms\/wp-content\/uploads\/2018\/12\/LOGO-DIF-2021-NAVIDAD.jpg\",\"width\":834,\"height\":834,\"caption\":\"Sistema DIF Puerto Vallarta\"},\"image\":{\"@id\":\"https:\/\/difpuertovallarta.gob.mx\/cms\/#\/schema\/logo\/image\/\"},\"sameAs\":[\"https:\/\/www.facebook.com\/sistemadifvallarta\",\"https:\/\/x.com\/difvallarta\"]}]}<\/script>\n<!-- \/ Yoast SEO plugin. -->","yoast_head_json":{"title":"Centro de Desarrollo Comunitario &#8226; DIF Puerto Vallarta","description":"DIF Puerto Vallarta &#8226; Centro enfocado a la capacitaci\u00f3n y formaci\u00f3n de habilidades productivas para que hombres y mujeres, en equidad, reciban las mismas oportunidades como","robots":{"index":"index","follow":"follow","max-snippet":"max-snippet:-1","max-image-preview":"max-image-preview:large","max-video-preview":"max-video-preview:-1"},"canonical":"https:\/\/difpuertovallarta.gob.mx\/cms\/centro-de-desarrollo\/","og_locale":"es_MX","og_type":"article","og_title":"Centro de Desarrollo Comunitario &#8226; DIF Puerto Vallarta","og_description":"DIF Puerto Vallarta &#8226; Centro enfocado a la capacitaci\u00f3n y formaci\u00f3n de habilidades productivas para que hombres y mujeres, en equidad, reciban las mismas oportunidades como","og_url":"https:\/\/difpuertovallarta.gob.mx\/cms\/centro-de-desarrollo\/","og_site_name":"DIF Puerto Vallarta","article_publisher":"https:\/\/www.facebook.com\/sistemadifvallarta","article_modified_time":"2023-07-06T22:23:28+00:00","twitter_card":"summary_large_image","twitter_site":"@difvallarta","twitter_misc":{"Tiempo de lectura":"1 minuto"},"schema":{"@context":"https:\/\/schema.org","@graph":[{"@type":"WebPage","@id":"https:\/\/difpuertovallarta.gob.mx\/cms\/centro-de-desarrollo\/","url":"https:\/\/difpuertovallarta.gob.mx\/cms\/centro-de-desarrollo\/","name":"Centro de Desarrollo Comunitario &#8226; DIF Puerto Vallarta","isPartOf":{"@id":"https:\/\/difpuertovallarta.gob.mx\/cms\/#website"},"datePublished":"2018-12-11T21:50:34+00:00","dateModified":"2023-07-06T22:23:28+00:00","description":"DIF Puerto Vallarta &#8226; Centro enfocado a la capacitaci\u00f3n y formaci\u00f3n de habilidades productivas para que hombres y mujeres, en equidad, reciban las mismas oportunidades como","breadcrumb":{"@id":"https:\/\/difpuertovallarta.gob.mx\/cms\/centro-de-desarrollo\/#breadcrumb"},"inLanguage":"es","potentialAction":[{"@type":"ReadAction","target":["https:\/\/difpuertovallarta.gob.mx\/cms\/centro-de-desarrollo\/"]}]},{"@type":"BreadcrumbList","@id":"https:\/\/difpuertovallarta.gob.mx\/cms\/centro-de-desarrollo\/#breadcrumb","itemListElement":[{"@type":"ListItem","position":1,"name":"Inicio","item":"https:\/\/difpuertovallarta.gob.mx\/cms\/"},{"@type":"ListItem","position":2,"name":"Centro de Desarrollo Comunitario"}]},{"@type":"WebSite","@id":"https:\/\/difpuertovallarta.gob.mx\/cms\/#website","url":"https:\/\/difpuertovallarta.gob.mx\/cms\/","name":"DIF Puerto Vallarta","description":"Sistema para el Desarrollo Integral de la Familia para el Municipio de Puerto Vallarta, Jalisco.","publisher":{"@id":"https:\/\/difpuertovallarta.gob.mx\/cms\/#organization"},"potentialAction":[{"@type":"SearchAction","target":{"@type":"EntryPoint","urlTemplate":"https:\/\/difpuertovallarta.gob.mx\/cms\/?s={search_term_string}"},"query-input":{"@type":"PropertyValueSpecification","valueRequired":true,"valueName":"search_term_string"}}],"inLanguage":"es"},{"@type":"Organization","@id":"https:\/\/difpuertovallarta.gob.mx\/cms\/#organization","name":"Sistema DIF Puerto Vallarta","url":"https:\/\/difpuertovallarta.gob.mx\/cms\/","logo":{"@type":"ImageObject","inLanguage":"es","@id":"https:\/\/difpuertovallarta.gob.mx\/cms\/#\/schema\/logo\/image\/","url":"http:\/\/difpuertovallarta.gob.mx\/cms\/wp-content\/uploads\/2018\/12\/LOGO-DIF-2021-NAVIDAD.jpg","contentUrl":"http:\/\/difpuertovallarta.gob.mx\/cms\/wp-content\/uploads\/2018\/12\/LOGO-DIF-2021-NAVIDAD.jpg","width":834,"height":834,"caption":"Sistema DIF Puerto Vallarta"},"image":{"@id":"https:\/\/difpuertovallarta.gob.mx\/cms\/#\/schema\/logo\/image\/"},"sameAs":["https:\/\/www.facebook.com\/sistemadifvallarta","https:\/\/x.com\/difvallarta"]}]}},"_links":{"self":[{"href":"https:\/\/difpuertovallarta.gob.mx\/cms\/wp-json\/wp\/v2\/pages\/6892","targetHints":{"allow":["GET"]}}],"collection":[{"href":"https:\/\/difpuertovallarta.gob.mx\/cms\/wp-json\/wp\/v2\/pages"}],"about":[{"href":"https:\/\/difpuertovallarta.gob.mx\/cms\/wp-json\/wp\/v2\/types\/page"}],"author":[{"embeddable":true,"href":"https:\/\/difpuertovallarta.gob.mx\/cms\/wp-json\/wp\/v2\/users\/1"}],"replies":[{"embeddable":true,"href":"https:\/\/difpuertovallarta.gob.mx\/cms\/wp-json\/wp\/v2\/comments?post=6892"}],"version-history":[{"count":7,"href":"https:\/\/difpuertovallarta.gob.mx\/cms\/wp-json\/wp\/v2\/pages\/6892\/revisions"}],"predecessor-version":[{"id":6900,"href":"https:\/\/difpuertovallarta.gob.mx\/cms\/wp-json\/wp\/v2\/pages\/6892\/revisions\/6900"}],"wp:attachment":[{"href":"https:\/\/difpuertovallarta.gob.mx\/cms\/wp-json\/wp\/v2\/media?parent=6892"}],"curies":[{"name":"wp","href":"https:\/\/api.w.org\/{rel}","templated":true}]}}