{"id":6837,"date":"2018-12-07T16:15:47","date_gmt":"2018-12-07T22:15:47","guid":{"rendered":"http:\/\/difpuertovallarta.gob.mx\/cms\/?page_id=6837"},"modified":"2023-07-07T11:41:19","modified_gmt":"2023-07-07T16:41:19","slug":"casadedia","status":"publish","type":"page","link":"https:\/\/difpuertovallarta.gob.mx\/cms\/casadedia\/","title":{"rendered":"Casa de D\u00eda y Grupos de la Tercera Edad"},"content":{"rendered":"<div id=\"pl-6837\"  class=\"panel-layout\" ><div id=\"pg-6837-0\"  class=\"panel-grid panel-no-style\" ><div id=\"pgc-6837-0-0\"  class=\"panel-grid-cell\" ><div id=\"panel-6837-0-0-0\" class=\"so-panel widget widget_sow-editor panel-first-child\" data-index=\"0\" ><div\n\t\t\t\n\t\t\tclass=\"so-widget-sow-editor so-widget-sow-editor-base\"\n\t\t\t\n\t\t>\n<div class=\"siteorigin-widget-tinymce textwidget\">\n\t<p>Espacio que contribuye a elevar la calidad de vida de la poblaci\u00f3n adulta mayor de 60 a\u00f1os de edad del municipio, aportando a resolver las necesidades ocupacionales, alimentarias, psicol\u00f3gicas y biom\u00e9dicas de esa poblaci\u00f3n, mediante acciones de prevenci\u00f3n, promoci\u00f3n, asistencia y rehabilitaci\u00f3n, teniendo como protagonistas a la comunidad y el propio adulto mayor en la b\u00fasqueda de soluciones locales a sus problemas. As\u00ed mismo promoviendo su integraci\u00f3n familiar, social y laboral, as\u00ed como una cultura de respeto y reconocimiento, a fin de elevar su calidad de vida.<\/p>\n<p><strong>Servicios:<\/strong><\/p>\n<ul>\n<li>Clubes de la tercera edad<\/li>\n<li>Comedor asistencial<\/li>\n<li>Oferta Laboral<\/li>\n<li>Nutriolog\u00eda<\/li>\n<li>Terapia ocupacional<\/li>\n<li>Taller de Baile<\/li>\n<li>Taller de Canto<\/li>\n<li>Actividades deportivas<\/li>\n<li>Actividades culturales<\/li>\n<li>Actividades recreativas<\/li>\n<\/ul>\n<p><strong>Requisitos y documentaci\u00f3n:<\/strong> Contar con 60 a\u00f1os de edad en adelante, asistir a las instalaciones de casa de d\u00eda o al club de la tercera edad m\u00e1s cercano a su domicilio con los siguientes documentos:<\/p>\n<ul>\n<li>Identificaci\u00f3n oficial.<\/li>\n<li>CURP.<\/li>\n<li>Comprobante de domicilio.<\/li>\n<\/ul>\n<p><strong>\u00a0<a href=\"https:\/\/difpuertovallarta.gob.mx\/cms\/wp-content\/uploads\/2023\/07\/CALENDARIO-GRUPOS-2023.pdf\">CALENDARIO GRUPOS 2023<\/a><\/strong><\/p>\n<p><strong>Horario de atenci\u00f3n:<\/strong> 8:00 a.m. - 4:00 p.m. de lunes a\u00a0 viernes.<\/p>\n<p><strong>\u00a0<\/strong><\/p>\n<p><strong>Datos de contacto y domicilio<\/strong>:<\/p>\n<p>Ecuador #650, esquina 21 de Marzo Colonia Coapinole.<\/p>\n<p>Tel\u00e9fono: 322 299 6434<\/p>\n<\/div>\n<\/div><\/div><div id=\"panel-6837-0-0-2\" class=\"so-panel widget panel-last-child\" data-index=\"2\" ><\/div><\/div><\/div><\/div>","protected":false},"excerpt":{"rendered":"<p>Espacio que contribuye a elevar la calidad de vida de la poblaci\u00f3n adulta mayor de 60 a\u00f1os de edad del municipio, aportando a resolver las necesidades ocupacionales, alimentarias, psicol\u00f3gicas y biom\u00e9dicas de esa poblaci\u00f3n, mediante acciones de prevenci\u00f3n, promoci\u00f3n, asistencia y rehabilitaci\u00f3n, teniendo como protagonistas a la comunidad y el propio adulto mayor en la [&hellip;]<\/p>\n","protected":false},"author":1,"featured_media":0,"parent":0,"menu_order":0,"comment_status":"closed","ping_status":"closed","template":"","meta":{"footnotes":""},"class_list":["post-6837","page","type-page","status-publish","czr-hentry"],"yoast_head":"<!-- This site is optimized with the Yoast SEO plugin v27.2 - https:\/\/yoast.com\/product\/yoast-seo-wordpress\/ -->\n<title>Casa de D\u00eda y Grupos de la Tercera Edad &#8226; DIF Puerto Vallarta<\/title>\n<meta name=\"description\" content=\"DIF Puerto Vallarta &#8226; Espacio que contribuye a elevar la calidad de vida de la poblaci\u00f3n adulta mayor de 60 a\u00f1os de edad del municipio, aportando a resolver las necesidades\" \/>\n<meta name=\"robots\" content=\"index, follow, max-snippet:-1, max-image-preview:large, max-video-preview:-1\" \/>\n<link rel=\"canonical\" href=\"https:\/\/difpuertovallarta.gob.mx\/cms\/casadedia\/\" \/>\n<meta property=\"og:locale\" content=\"es_MX\" \/>\n<meta property=\"og:type\" content=\"article\" \/>\n<meta property=\"og:title\" content=\"Casa de D\u00eda y Grupos de la Tercera Edad &#8226; DIF Puerto Vallarta\" \/>\n<meta property=\"og:description\" content=\"DIF Puerto Vallarta &#8226; Espacio que contribuye a elevar la calidad de vida de la poblaci\u00f3n adulta mayor de 60 a\u00f1os de edad del municipio, aportando a resolver las necesidades\" \/>\n<meta property=\"og:url\" content=\"https:\/\/difpuertovallarta.gob.mx\/cms\/casadedia\/\" \/>\n<meta property=\"og:site_name\" content=\"DIF Puerto Vallarta\" \/>\n<meta property=\"article:publisher\" content=\"https:\/\/www.facebook.com\/sistemadifvallarta\" \/>\n<meta property=\"article:modified_time\" content=\"2023-07-07T16:41:19+00:00\" \/>\n<meta name=\"twitter:card\" content=\"summary_large_image\" \/>\n<meta name=\"twitter:site\" content=\"@difvallarta\" \/>\n<meta name=\"twitter:label1\" content=\"Tiempo de lectura\" \/>\n\t<meta name=\"twitter:data1\" content=\"1 minuto\" \/>\n<script type=\"application\/ld+json\" class=\"yoast-schema-graph\">{\"@context\":\"https:\/\/schema.org\",\"@graph\":[{\"@type\":\"WebPage\",\"@id\":\"https:\/\/difpuertovallarta.gob.mx\/cms\/casadedia\/\",\"url\":\"https:\/\/difpuertovallarta.gob.mx\/cms\/casadedia\/\",\"name\":\"Casa de D\u00eda y Grupos de la Tercera Edad &#8226; DIF Puerto Vallarta\",\"isPartOf\":{\"@id\":\"https:\/\/difpuertovallarta.gob.mx\/cms\/#website\"},\"datePublished\":\"2018-12-07T22:15:47+00:00\",\"dateModified\":\"2023-07-07T16:41:19+00:00\",\"description\":\"DIF Puerto Vallarta &#8226; Espacio que contribuye a elevar la calidad de vida de la poblaci\u00f3n adulta mayor de 60 a\u00f1os de edad del municipio, aportando a resolver las necesidades\",\"breadcrumb\":{\"@id\":\"https:\/\/difpuertovallarta.gob.mx\/cms\/casadedia\/#breadcrumb\"},\"inLanguage\":\"es\",\"potentialAction\":[{\"@type\":\"ReadAction\",\"target\":[\"https:\/\/difpuertovallarta.gob.mx\/cms\/casadedia\/\"]}]},{\"@type\":\"BreadcrumbList\",\"@id\":\"https:\/\/difpuertovallarta.gob.mx\/cms\/casadedia\/#breadcrumb\",\"itemListElement\":[{\"@type\":\"ListItem\",\"position\":1,\"name\":\"Inicio\",\"item\":\"https:\/\/difpuertovallarta.gob.mx\/cms\/\"},{\"@type\":\"ListItem\",\"position\":2,\"name\":\"Casa de D\u00eda y Grupos de la Tercera Edad\"}]},{\"@type\":\"WebSite\",\"@id\":\"https:\/\/difpuertovallarta.gob.mx\/cms\/#website\",\"url\":\"https:\/\/difpuertovallarta.gob.mx\/cms\/\",\"name\":\"DIF Puerto Vallarta\",\"description\":\"Sistema para el Desarrollo Integral de la Familia para el Municipio de Puerto Vallarta, Jalisco.\",\"publisher\":{\"@id\":\"https:\/\/difpuertovallarta.gob.mx\/cms\/#organization\"},\"potentialAction\":[{\"@type\":\"SearchAction\",\"target\":{\"@type\":\"EntryPoint\",\"urlTemplate\":\"https:\/\/difpuertovallarta.gob.mx\/cms\/?s={search_term_string}\"},\"query-input\":{\"@type\":\"PropertyValueSpecification\",\"valueRequired\":true,\"valueName\":\"search_term_string\"}}],\"inLanguage\":\"es\"},{\"@type\":\"Organization\",\"@id\":\"https:\/\/difpuertovallarta.gob.mx\/cms\/#organization\",\"name\":\"Sistema DIF Puerto Vallarta\",\"url\":\"https:\/\/difpuertovallarta.gob.mx\/cms\/\",\"logo\":{\"@type\":\"ImageObject\",\"inLanguage\":\"es\",\"@id\":\"https:\/\/difpuertovallarta.gob.mx\/cms\/#\/schema\/logo\/image\/\",\"url\":\"http:\/\/difpuertovallarta.gob.mx\/cms\/wp-content\/uploads\/2018\/12\/LOGO-DIF-2021-NAVIDAD.jpg\",\"contentUrl\":\"http:\/\/difpuertovallarta.gob.mx\/cms\/wp-content\/uploads\/2018\/12\/LOGO-DIF-2021-NAVIDAD.jpg\",\"width\":834,\"height\":834,\"caption\":\"Sistema DIF Puerto Vallarta\"},\"image\":{\"@id\":\"https:\/\/difpuertovallarta.gob.mx\/cms\/#\/schema\/logo\/image\/\"},\"sameAs\":[\"https:\/\/www.facebook.com\/sistemadifvallarta\",\"https:\/\/x.com\/difvallarta\"]}]}<\/script>\n<!-- \/ Yoast SEO plugin. -->","yoast_head_json":{"title":"Casa de D\u00eda y Grupos de la Tercera Edad &#8226; DIF Puerto Vallarta","description":"DIF Puerto Vallarta &#8226; Espacio que contribuye a elevar la calidad de vida de la poblaci\u00f3n adulta mayor de 60 a\u00f1os de edad del municipio, aportando a resolver las necesidades","robots":{"index":"index","follow":"follow","max-snippet":"max-snippet:-1","max-image-preview":"max-image-preview:large","max-video-preview":"max-video-preview:-1"},"canonical":"https:\/\/difpuertovallarta.gob.mx\/cms\/casadedia\/","og_locale":"es_MX","og_type":"article","og_title":"Casa de D\u00eda y Grupos de la Tercera Edad &#8226; DIF Puerto Vallarta","og_description":"DIF Puerto Vallarta &#8226; Espacio que contribuye a elevar la calidad de vida de la poblaci\u00f3n adulta mayor de 60 a\u00f1os de edad del municipio, aportando a resolver las necesidades","og_url":"https:\/\/difpuertovallarta.gob.mx\/cms\/casadedia\/","og_site_name":"DIF Puerto Vallarta","article_publisher":"https:\/\/www.facebook.com\/sistemadifvallarta","article_modified_time":"2023-07-07T16:41:19+00:00","twitter_card":"summary_large_image","twitter_site":"@difvallarta","twitter_misc":{"Tiempo de lectura":"1 minuto"},"schema":{"@context":"https:\/\/schema.org","@graph":[{"@type":"WebPage","@id":"https:\/\/difpuertovallarta.gob.mx\/cms\/casadedia\/","url":"https:\/\/difpuertovallarta.gob.mx\/cms\/casadedia\/","name":"Casa de D\u00eda y Grupos de la Tercera Edad &#8226; DIF Puerto Vallarta","isPartOf":{"@id":"https:\/\/difpuertovallarta.gob.mx\/cms\/#website"},"datePublished":"2018-12-07T22:15:47+00:00","dateModified":"2023-07-07T16:41:19+00:00","description":"DIF Puerto Vallarta &#8226; Espacio que contribuye a elevar la calidad de vida de la poblaci\u00f3n adulta mayor de 60 a\u00f1os de edad del municipio, aportando a resolver las necesidades","breadcrumb":{"@id":"https:\/\/difpuertovallarta.gob.mx\/cms\/casadedia\/#breadcrumb"},"inLanguage":"es","potentialAction":[{"@type":"ReadAction","target":["https:\/\/difpuertovallarta.gob.mx\/cms\/casadedia\/"]}]},{"@type":"BreadcrumbList","@id":"https:\/\/difpuertovallarta.gob.mx\/cms\/casadedia\/#breadcrumb","itemListElement":[{"@type":"ListItem","position":1,"name":"Inicio","item":"https:\/\/difpuertovallarta.gob.mx\/cms\/"},{"@type":"ListItem","position":2,"name":"Casa de D\u00eda y Grupos de la Tercera Edad"}]},{"@type":"WebSite","@id":"https:\/\/difpuertovallarta.gob.mx\/cms\/#website","url":"https:\/\/difpuertovallarta.gob.mx\/cms\/","name":"DIF Puerto Vallarta","description":"Sistema para el Desarrollo Integral de la Familia para el Municipio de Puerto Vallarta, Jalisco.","publisher":{"@id":"https:\/\/difpuertovallarta.gob.mx\/cms\/#organization"},"potentialAction":[{"@type":"SearchAction","target":{"@type":"EntryPoint","urlTemplate":"https:\/\/difpuertovallarta.gob.mx\/cms\/?s={search_term_string}"},"query-input":{"@type":"PropertyValueSpecification","valueRequired":true,"valueName":"search_term_string"}}],"inLanguage":"es"},{"@type":"Organization","@id":"https:\/\/difpuertovallarta.gob.mx\/cms\/#organization","name":"Sistema DIF Puerto Vallarta","url":"https:\/\/difpuertovallarta.gob.mx\/cms\/","logo":{"@type":"ImageObject","inLanguage":"es","@id":"https:\/\/difpuertovallarta.gob.mx\/cms\/#\/schema\/logo\/image\/","url":"http:\/\/difpuertovallarta.gob.mx\/cms\/wp-content\/uploads\/2018\/12\/LOGO-DIF-2021-NAVIDAD.jpg","contentUrl":"http:\/\/difpuertovallarta.gob.mx\/cms\/wp-content\/uploads\/2018\/12\/LOGO-DIF-2021-NAVIDAD.jpg","width":834,"height":834,"caption":"Sistema DIF Puerto Vallarta"},"image":{"@id":"https:\/\/difpuertovallarta.gob.mx\/cms\/#\/schema\/logo\/image\/"},"sameAs":["https:\/\/www.facebook.com\/sistemadifvallarta","https:\/\/x.com\/difvallarta"]}]}},"_links":{"self":[{"href":"https:\/\/difpuertovallarta.gob.mx\/cms\/wp-json\/wp\/v2\/pages\/6837","targetHints":{"allow":["GET"]}}],"collection":[{"href":"https:\/\/difpuertovallarta.gob.mx\/cms\/wp-json\/wp\/v2\/pages"}],"about":[{"href":"https:\/\/difpuertovallarta.gob.mx\/cms\/wp-json\/wp\/v2\/types\/page"}],"author":[{"embeddable":true,"href":"https:\/\/difpuertovallarta.gob.mx\/cms\/wp-json\/wp\/v2\/users\/1"}],"replies":[{"embeddable":true,"href":"https:\/\/difpuertovallarta.gob.mx\/cms\/wp-json\/wp\/v2\/comments?post=6837"}],"version-history":[{"count":7,"href":"https:\/\/difpuertovallarta.gob.mx\/cms\/wp-json\/wp\/v2\/pages\/6837\/revisions"}],"predecessor-version":[{"id":6889,"href":"https:\/\/difpuertovallarta.gob.mx\/cms\/wp-json\/wp\/v2\/pages\/6837\/revisions\/6889"}],"wp:attachment":[{"href":"https:\/\/difpuertovallarta.gob.mx\/cms\/wp-json\/wp\/v2\/media?parent=6837"}],"curies":[{"name":"wp","href":"https:\/\/api.w.org\/{rel}","templated":true}]}}