{"id":470,"date":"2016-11-04T14:32:55","date_gmt":"2016-11-04T20:32:55","guid":{"rendered":"http:\/\/difpuertovallarta.gob.mx\/cms\/cms\/?page_id=470"},"modified":"2024-11-12T12:14:56","modified_gmt":"2024-11-12T18:14:56","slug":"centro-de-atencion-integral-al-adulto-mayor","status":"publish","type":"page","link":"https:\/\/difpuertovallarta.gob.mx\/cms\/centro-de-atencion-integral-al-adulto-mayor\/","title":{"rendered":"Centro de Atenci\u00f3n Integral al Adulto Mayor"},"content":{"rendered":"<div id=\"pl-470\"  class=\"panel-layout\" >\n<div id=\"pg-470-0\"  class=\"panel-grid panel-no-style\"  data-style=\"{&quot;background_image_attachment&quot;:false,&quot;background_display&quot;:&quot;tile&quot;,&quot;full_height&quot;:&quot;&quot;,&quot;cell_alignment&quot;:&quot;flex-start&quot;,&quot;iw-visible-screen&quot;:&quot;iw-all&quot;,&quot;iw-visible-layout&quot;:&quot;iw-all&quot;}\" >\n<div id=\"pgc-470-0-0\"  class=\"panel-grid-cell\"  data-weight=\"1\" >\n<div id=\"panel-470-0-0-0\" class=\"so-panel widget widget_sow-editor panel-first-child\" data-index=\"0\" data-style=\"{&quot;background_image_attachment&quot;:false,&quot;background_display&quot;:&quot;tile&quot;,&quot;background_image_size&quot;:&quot;full&quot;,&quot;background_image_opacity&quot;:&quot;100&quot;,&quot;border_thickness&quot;:&quot;1px&quot;,&quot;iw-visible-screen&quot;:&quot;iw-all&quot;,&quot;iw-visible-layout&quot;:&quot;iw-all&quot;}\" >\n<div\n\t\t\t\n\t\t\tclass=\"so-widget-sow-editor so-widget-sow-editor-base\"\n\t\t\t\n\t\t><\/p>\n<div class=\"siteorigin-widget-tinymce textwidget\">\n<p>Es un Centro de Asistencia Social de inter\u00e9s p\u00fablico y de modalidad permanente, libre y voluntaria, que tiene por objeto el resguardo de personas adultas mayores de 60 sesenta a\u00f1os de edad, en pleno uso de sus facultades f\u00edsicas y mentales, que no cuenten con redes familiares y\/o se encuentre en peligro inminente su integridad f\u00edsica y psicol\u00f3gica (v\u00edctima de abandono, desamparo, marginaci\u00f3n, abuso, explotaci\u00f3n o maltrato), contribuyendo a que tengan una vejez digna a trav\u00e9s de la prestaci\u00f3n de servicios de manera eficiente y continua, mediante un trato digno, respetuoso, sin discriminaci\u00f3n y libre de violencia durante su estancia, garantizando en todo momento sus derechos humanos.<\/p>\n<p><strong>Horarios de Atenci\u00f3n:<\/strong><\/p>\n<p>Lunes a Domingos<\/p>\n<p>De 09:00hrs a 18:00hrs<\/p>\n<p><strong>\u00a0<\/strong><\/p>\n<p><strong>Datos de Contacto:<\/strong><\/p>\n<p>Tel\u00e9fono: 3222247946<\/p>\n<p>Correo: <a href=\"mailto:caiam.asilo@difpuertovallarta.gob.mx\">caiam.asilo@difpuertovallarta.gob.mx<\/a><\/p>\n<p>&nbsp;<\/p>\n<\/div>\n<\/div>\n<\/div>\n<div id=\"panel-470-0-0-1\" class=\"so-panel widget widget_media_gallery\" data-index=\"1\" data-style=\"{&quot;background_image_attachment&quot;:false,&quot;background_display&quot;:&quot;tile&quot;,&quot;background_image_size&quot;:&quot;full&quot;,&quot;border_thickness&quot;:&quot;1px&quot;,&quot;iw-visible-screen&quot;:&quot;iw-all&quot;,&quot;iw-visible-layout&quot;:&quot;iw-all&quot;}\" >[siteorigin_widget class=&#8221;WP_Widget_Media_Gallery&#8221;]<input type=\"hidden\" value=\"{&quot;instance&quot;:{&quot;title&quot;:&quot;Galer\u00eda&quot;,&quot;ids&quot;:[14981,14983,5928,5808,2891,12323,12324,12325,14979,14980,14982],&quot;columns&quot;:2,&quot;size&quot;:&quot;medium&quot;,&quot;link_type&quot;:&quot;file&quot;,&quot;orderby_random&quot;:false,&quot;id&quot;:&quot;media_gallery-47010001&quot;,&quot;option_name&quot;:&quot;widget_media_gallery&quot;,&quot;so_sidebar_emulator_id&quot;:&quot;media_gallery-47010001&quot;},&quot;args&quot;:{&quot;before_widget&quot;:&quot;&lt;div id=\\&quot;panel-470-0-0-1\\&quot; class=\\&quot;so-panel widget widget_media_gallery\\&quot; data-index=\\&quot;1\\&quot; data-style=\\&quot;{&amp;quot;background_image_attachment&amp;quot;:false,&amp;quot;background_display&amp;quot;:&amp;quot;tile&amp;quot;,&amp;quot;background_image_size&amp;quot;:&amp;quot;full&amp;quot;,&amp;quot;border_thickness&amp;quot;:&amp;quot;1px&amp;quot;,&amp;quot;iw-visible-screen&amp;quot;:&amp;quot;iw-all&amp;quot;,&amp;quot;iw-visible-layout&amp;quot;:&amp;quot;iw-all&amp;quot;}\\&quot; &gt;&quot;,&quot;after_widget&quot;:&quot;&lt;\\\/div&gt;&quot;,&quot;before_title&quot;:&quot;&lt;h3 class=\\&quot;widget-title\\&quot;&gt;&quot;,&quot;after_title&quot;:&quot;&lt;\\\/h3&gt;&quot;,&quot;widget_id&quot;:&quot;widget-0-0-1&quot;}}\" \/>[\/siteorigin_widget]<\/div>\n<div id=\"panel-470-0-0-2\" class=\"so-panel widget panel-last-child\" data-index=\"2\" data-style=\"{&quot;background_display&quot;:&quot;tile&quot;}\" ><\/div>\n<\/div>\n<\/div>\n<\/div>\n","protected":false},"excerpt":{"rendered":"<p>Es un Centro de Asistencia Social de inter\u00e9s p\u00fablico y de modalidad permanente, libre y voluntaria, que tiene por objeto el resguardo de personas adultas mayores de 60 sesenta a\u00f1os de edad, en pleno uso de sus facultades f\u00edsicas y mentales, que no cuenten con redes familiares y\/o se encuentre en peligro inminente su integridad [&hellip;]<\/p>\n","protected":false},"author":1,"featured_media":0,"parent":0,"menu_order":0,"comment_status":"closed","ping_status":"closed","template":"","meta":{"footnotes":""},"class_list":["post-470","page","type-page","status-publish","czr-hentry"],"yoast_head":"<!-- This site is optimized with the Yoast SEO plugin v27.5 - https:\/\/yoast.com\/product\/yoast-seo-wordpress\/ -->\n<title>Centro de Atenci\u00f3n Integral al Adulto Mayor &#8226; DIF Puerto Vallarta<\/title>\n<meta name=\"description\" content=\"DIF Puerto Vallarta &#8226; Es un Centro de Asistencia Social de inter\u00e9s p\u00fablico y de modalidad permanente, libre y voluntaria, que tiene por objeto el resguardo de personas adultas\" \/>\n<meta name=\"robots\" content=\"index, follow, max-snippet:-1, max-image-preview:large, max-video-preview:-1\" \/>\n<link rel=\"canonical\" href=\"https:\/\/difpuertovallarta.gob.mx\/cms\/centro-de-atencion-integral-al-adulto-mayor\/\" \/>\n<meta property=\"og:locale\" content=\"es_MX\" \/>\n<meta property=\"og:type\" content=\"article\" \/>\n<meta property=\"og:title\" content=\"Centro de Atenci\u00f3n Integral al Adulto Mayor &#8226; DIF Puerto Vallarta\" \/>\n<meta property=\"og:description\" content=\"DIF Puerto Vallarta &#8226; Es un Centro de Asistencia Social de inter\u00e9s p\u00fablico y de modalidad permanente, libre y voluntaria, que tiene por objeto el resguardo de personas adultas\" \/>\n<meta property=\"og:url\" content=\"https:\/\/difpuertovallarta.gob.mx\/cms\/centro-de-atencion-integral-al-adulto-mayor\/\" \/>\n<meta property=\"og:site_name\" content=\"DIF Puerto Vallarta\" \/>\n<meta property=\"article:publisher\" content=\"https:\/\/www.facebook.com\/sistemadifvallarta\" \/>\n<meta property=\"article:modified_time\" content=\"2024-11-12T18:14:56+00:00\" \/>\n<meta name=\"twitter:card\" content=\"summary_large_image\" \/>\n<meta name=\"twitter:site\" content=\"@difvallarta\" \/>\n<meta name=\"twitter:label1\" content=\"Tiempo de lectura\" \/>\n\t<meta name=\"twitter:data1\" content=\"1 minuto\" \/>\n<script type=\"application\/ld+json\" class=\"yoast-schema-graph\">{\"@context\":\"https:\\\/\\\/schema.org\",\"@graph\":[{\"@type\":\"WebPage\",\"@id\":\"https:\\\/\\\/difpuertovallarta.gob.mx\\\/cms\\\/centro-de-atencion-integral-al-adulto-mayor\\\/\",\"url\":\"https:\\\/\\\/difpuertovallarta.gob.mx\\\/cms\\\/centro-de-atencion-integral-al-adulto-mayor\\\/\",\"name\":\"Centro de Atenci\u00f3n Integral al Adulto Mayor &#8226; DIF Puerto Vallarta\",\"isPartOf\":{\"@id\":\"https:\\\/\\\/difpuertovallarta.gob.mx\\\/cms\\\/#website\"},\"datePublished\":\"2016-11-04T20:32:55+00:00\",\"dateModified\":\"2024-11-12T18:14:56+00:00\",\"description\":\"DIF Puerto Vallarta &#8226; Es un Centro de Asistencia Social de inter\u00e9s p\u00fablico y de modalidad permanente, libre y voluntaria, que tiene por objeto el resguardo de personas adultas\",\"breadcrumb\":{\"@id\":\"https:\\\/\\\/difpuertovallarta.gob.mx\\\/cms\\\/centro-de-atencion-integral-al-adulto-mayor\\\/#breadcrumb\"},\"inLanguage\":\"es\",\"potentialAction\":[{\"@type\":\"ReadAction\",\"target\":[\"https:\\\/\\\/difpuertovallarta.gob.mx\\\/cms\\\/centro-de-atencion-integral-al-adulto-mayor\\\/\"]}]},{\"@type\":\"BreadcrumbList\",\"@id\":\"https:\\\/\\\/difpuertovallarta.gob.mx\\\/cms\\\/centro-de-atencion-integral-al-adulto-mayor\\\/#breadcrumb\",\"itemListElement\":[{\"@type\":\"ListItem\",\"position\":1,\"name\":\"Inicio\",\"item\":\"https:\\\/\\\/difpuertovallarta.gob.mx\\\/cms\\\/\"},{\"@type\":\"ListItem\",\"position\":2,\"name\":\"Centro de Atenci\u00f3n Integral al Adulto Mayor\"}]},{\"@type\":\"WebSite\",\"@id\":\"https:\\\/\\\/difpuertovallarta.gob.mx\\\/cms\\\/#website\",\"url\":\"https:\\\/\\\/difpuertovallarta.gob.mx\\\/cms\\\/\",\"name\":\"DIF Puerto Vallarta\",\"description\":\"Sistema para el Desarrollo Integral de la Familia para el Municipio de Puerto Vallarta, Jalisco.\",\"publisher\":{\"@id\":\"https:\\\/\\\/difpuertovallarta.gob.mx\\\/cms\\\/#organization\"},\"potentialAction\":[{\"@type\":\"SearchAction\",\"target\":{\"@type\":\"EntryPoint\",\"urlTemplate\":\"https:\\\/\\\/difpuertovallarta.gob.mx\\\/cms\\\/?s={search_term_string}\"},\"query-input\":{\"@type\":\"PropertyValueSpecification\",\"valueRequired\":true,\"valueName\":\"search_term_string\"}}],\"inLanguage\":\"es\"},{\"@type\":\"Organization\",\"@id\":\"https:\\\/\\\/difpuertovallarta.gob.mx\\\/cms\\\/#organization\",\"name\":\"Sistema DIF Puerto Vallarta\",\"url\":\"https:\\\/\\\/difpuertovallarta.gob.mx\\\/cms\\\/\",\"logo\":{\"@type\":\"ImageObject\",\"inLanguage\":\"es\",\"@id\":\"https:\\\/\\\/difpuertovallarta.gob.mx\\\/cms\\\/#\\\/schema\\\/logo\\\/image\\\/\",\"url\":\"http:\\\/\\\/difpuertovallarta.gob.mx\\\/cms\\\/wp-content\\\/uploads\\\/2018\\\/12\\\/LOGO-DIF-2021-NAVIDAD.jpg\",\"contentUrl\":\"http:\\\/\\\/difpuertovallarta.gob.mx\\\/cms\\\/wp-content\\\/uploads\\\/2018\\\/12\\\/LOGO-DIF-2021-NAVIDAD.jpg\",\"width\":834,\"height\":834,\"caption\":\"Sistema DIF Puerto Vallarta\"},\"image\":{\"@id\":\"https:\\\/\\\/difpuertovallarta.gob.mx\\\/cms\\\/#\\\/schema\\\/logo\\\/image\\\/\"},\"sameAs\":[\"https:\\\/\\\/www.facebook.com\\\/sistemadifvallarta\",\"https:\\\/\\\/x.com\\\/difvallarta\"]}]}<\/script>\n<!-- \/ Yoast SEO plugin. -->","yoast_head_json":{"title":"Centro de Atenci\u00f3n Integral al Adulto Mayor &#8226; DIF Puerto Vallarta","description":"DIF Puerto Vallarta &#8226; Es un Centro de Asistencia Social de inter\u00e9s p\u00fablico y de modalidad permanente, libre y voluntaria, que tiene por objeto el resguardo de personas adultas","robots":{"index":"index","follow":"follow","max-snippet":"max-snippet:-1","max-image-preview":"max-image-preview:large","max-video-preview":"max-video-preview:-1"},"canonical":"https:\/\/difpuertovallarta.gob.mx\/cms\/centro-de-atencion-integral-al-adulto-mayor\/","og_locale":"es_MX","og_type":"article","og_title":"Centro de Atenci\u00f3n Integral al Adulto Mayor &#8226; DIF Puerto Vallarta","og_description":"DIF Puerto Vallarta &#8226; Es un Centro de Asistencia Social de inter\u00e9s p\u00fablico y de modalidad permanente, libre y voluntaria, que tiene por objeto el resguardo de personas adultas","og_url":"https:\/\/difpuertovallarta.gob.mx\/cms\/centro-de-atencion-integral-al-adulto-mayor\/","og_site_name":"DIF Puerto Vallarta","article_publisher":"https:\/\/www.facebook.com\/sistemadifvallarta","article_modified_time":"2024-11-12T18:14:56+00:00","twitter_card":"summary_large_image","twitter_site":"@difvallarta","twitter_misc":{"Tiempo de lectura":"1 minuto"},"schema":{"@context":"https:\/\/schema.org","@graph":[{"@type":"WebPage","@id":"https:\/\/difpuertovallarta.gob.mx\/cms\/centro-de-atencion-integral-al-adulto-mayor\/","url":"https:\/\/difpuertovallarta.gob.mx\/cms\/centro-de-atencion-integral-al-adulto-mayor\/","name":"Centro de Atenci\u00f3n Integral al Adulto Mayor &#8226; DIF Puerto Vallarta","isPartOf":{"@id":"https:\/\/difpuertovallarta.gob.mx\/cms\/#website"},"datePublished":"2016-11-04T20:32:55+00:00","dateModified":"2024-11-12T18:14:56+00:00","description":"DIF Puerto Vallarta &#8226; Es un Centro de Asistencia Social de inter\u00e9s p\u00fablico y de modalidad permanente, libre y voluntaria, que tiene por objeto el resguardo de personas adultas","breadcrumb":{"@id":"https:\/\/difpuertovallarta.gob.mx\/cms\/centro-de-atencion-integral-al-adulto-mayor\/#breadcrumb"},"inLanguage":"es","potentialAction":[{"@type":"ReadAction","target":["https:\/\/difpuertovallarta.gob.mx\/cms\/centro-de-atencion-integral-al-adulto-mayor\/"]}]},{"@type":"BreadcrumbList","@id":"https:\/\/difpuertovallarta.gob.mx\/cms\/centro-de-atencion-integral-al-adulto-mayor\/#breadcrumb","itemListElement":[{"@type":"ListItem","position":1,"name":"Inicio","item":"https:\/\/difpuertovallarta.gob.mx\/cms\/"},{"@type":"ListItem","position":2,"name":"Centro de Atenci\u00f3n Integral al Adulto Mayor"}]},{"@type":"WebSite","@id":"https:\/\/difpuertovallarta.gob.mx\/cms\/#website","url":"https:\/\/difpuertovallarta.gob.mx\/cms\/","name":"DIF Puerto Vallarta","description":"Sistema para el Desarrollo Integral de la Familia para el Municipio de Puerto Vallarta, Jalisco.","publisher":{"@id":"https:\/\/difpuertovallarta.gob.mx\/cms\/#organization"},"potentialAction":[{"@type":"SearchAction","target":{"@type":"EntryPoint","urlTemplate":"https:\/\/difpuertovallarta.gob.mx\/cms\/?s={search_term_string}"},"query-input":{"@type":"PropertyValueSpecification","valueRequired":true,"valueName":"search_term_string"}}],"inLanguage":"es"},{"@type":"Organization","@id":"https:\/\/difpuertovallarta.gob.mx\/cms\/#organization","name":"Sistema DIF Puerto Vallarta","url":"https:\/\/difpuertovallarta.gob.mx\/cms\/","logo":{"@type":"ImageObject","inLanguage":"es","@id":"https:\/\/difpuertovallarta.gob.mx\/cms\/#\/schema\/logo\/image\/","url":"http:\/\/difpuertovallarta.gob.mx\/cms\/wp-content\/uploads\/2018\/12\/LOGO-DIF-2021-NAVIDAD.jpg","contentUrl":"http:\/\/difpuertovallarta.gob.mx\/cms\/wp-content\/uploads\/2018\/12\/LOGO-DIF-2021-NAVIDAD.jpg","width":834,"height":834,"caption":"Sistema DIF Puerto Vallarta"},"image":{"@id":"https:\/\/difpuertovallarta.gob.mx\/cms\/#\/schema\/logo\/image\/"},"sameAs":["https:\/\/www.facebook.com\/sistemadifvallarta","https:\/\/x.com\/difvallarta"]}]}},"_links":{"self":[{"href":"https:\/\/difpuertovallarta.gob.mx\/cms\/wp-json\/wp\/v2\/pages\/470","targetHints":{"allow":["GET"]}}],"collection":[{"href":"https:\/\/difpuertovallarta.gob.mx\/cms\/wp-json\/wp\/v2\/pages"}],"about":[{"href":"https:\/\/difpuertovallarta.gob.mx\/cms\/wp-json\/wp\/v2\/types\/page"}],"author":[{"embeddable":true,"href":"https:\/\/difpuertovallarta.gob.mx\/cms\/wp-json\/wp\/v2\/users\/1"}],"replies":[{"embeddable":true,"href":"https:\/\/difpuertovallarta.gob.mx\/cms\/wp-json\/wp\/v2\/comments?post=470"}],"version-history":[{"count":16,"href":"https:\/\/difpuertovallarta.gob.mx\/cms\/wp-json\/wp\/v2\/pages\/470\/revisions"}],"predecessor-version":[{"id":16253,"href":"https:\/\/difpuertovallarta.gob.mx\/cms\/wp-json\/wp\/v2\/pages\/470\/revisions\/16253"}],"wp:attachment":[{"href":"https:\/\/difpuertovallarta.gob.mx\/cms\/wp-json\/wp\/v2\/media?parent=470"}],"curies":[{"name":"wp","href":"https:\/\/api.w.org\/{rel}","templated":true}]}}