{"id":324,"date":"2016-09-21T14:15:43","date_gmt":"2016-09-21T20:15:43","guid":{"rendered":"http:\/\/difpuertovallarta.gob.mx\/cms\/cms\/?page_id=324"},"modified":"2024-11-12T13:43:19","modified_gmt":"2024-11-12T19:43:19","slug":"area-juridica","status":"publish","type":"page","link":"https:\/\/difpuertovallarta.gob.mx\/cms\/area-juridica\/","title":{"rendered":"\u00c1rea Jur\u00eddica"},"content":{"rendered":"\n<p><strong>Titular:<\/strong>\u00a0<br><strong>Correo Institucional: <\/strong>coordinacion.juridica@difpuertovallarta.gob.mx<strong><br>Domicilio:<\/strong>\u00a0Avenida Paseo de las Palmas, s\/n, Barrio Sta. Mar\u00eda, Puerto Vallarta.<br><strong>Tel\u00e9fono:<\/strong>\u00a0(322) 2259936 Ext. 1016,<br><strong>Horarios de oficina:<\/strong>\u00a008:00 a 16:00 horas.<\/p>\n\n\n\n<p><br><strong>Objetivo:<\/strong><br>       El Sistema para el Desarrollo Integral de la Familia DIF debe contar con un Departamento<br>cuyo prop\u00f3sito sea el de asesorar jur\u00eddicamente al Organismo ante los distintos tribunales, velando<br>por los intereses del mismo, as\u00ed como supervisar y efectuar los procedimientos legales en que la<br>distinta normatividad solicita el apoyo o intervenci\u00f3n del Organismo, en tanto no sea de<br>competencia de otra \u00e1rea.<\/p>\n\n\n\n<p><br>As\u00ed mismo, debe coadyuvar con los distintos Departamentos a dar cumplimiento a las distintas<br>obligaciones que en materia de Transparencia Institucional, entendi\u00e9ndose como esta lo<br>establecido en la Ley de Archivos y la Ley de Transparencia respectivamente, as\u00ed como lo<br>estipulado al respecto en la normatividad vigente para el Organismo.<\/p>\n\n\n\n<p><br><strong>Funci\u00f3n:<\/strong>.<\/p>\n\n\n\n<p><br>1.- Instrumentar los convenios y contratos con diversas instituciones y Organismos afines a la<br>asistencia social;<\/p>\n\n\n\n<p><br>2.- Instrumentar las denuncias o demandas presentadas por el Organismo; la contestaci\u00f3n de<br>aquellas que fueran presentadas en contra de \u00e9ste; as\u00ed como dar el seguimiento a los<br>procedimientos respectivos ante las autoridades correspondientes;<\/p>\n\n\n\n<p><br>3.- Asesorar legalmente a todos los titulares de los Departamentos del Organismo, para que su<br>actuaci\u00f3n se encuentre debidamente apoyada y fundamentada en los principios jur\u00eddicos;<\/p>\n\n\n\n<p><br>4.-Instrumentar los convenios y contratos de diversas modalidades, como son: compraventa,<br>comodato, prestaci\u00f3n de servicios, honorarios, etc., de acuerdo con las necesidades de<br>Organismo;<\/p>\n\n\n\n<p><br>5.- Formular, revisar y\/o validar los proyectos de reglamentos y reformas a la normatividad que<br>rigen la vida interna del Organismo y la operaci\u00f3n externa del mismo, por conducto de las<br>instancias legales correspondientes, para que los planes y programas se encuentren dentro del<br>\u00e1mbito legal y contar con los ordenamientos actuales que regulen los derechos y obligaciones del<br>Organismo;<\/p>\n\n\n\n<p><br>6.- Recibir y dar respuesta a las solicitudes de Informaci\u00f3n P\u00fablica, para lo cual debe integrar el<br>expediente, realizar los tr\u00e1mites internos y desahogar el procedimiento respectivo;<br>7.- Impartir el curso prematrimonial de manera individual o colectiva a los ciudadanos mayores de<br>edad que as\u00ed lo soliciten, siguiendo los lineamientos correspondientes del C\u00f3digo Civil del Estado<br>de Jalisco;<\/p>\n\n\n\n<p><br>8.- Expedir la constancia prematrimonial correspondiente debidamente autorizada y firma por el<br>titular de la Coordinaci\u00f3n Jur\u00eddica;<\/p>\n\n\n\n<p><br>9.- Desahogar Informaci\u00f3n Testimonial respecto de los Registros Extempor\u00e1neos para las<br>personas mayores de 18 dieciocho a\u00f1os que no cuenten con registro de nacimiento, con el<br>prop\u00f3sito de acreditar los extremos de los art\u00edculos 56, 57 de Ley del Registro Civil para el Estado<br>de Jalisco, 10, y 11 Del Reglamento de la Ley del Registro Civil.<\/p>\n\n\n\n<p><br>10.- Dar cumplimiento a todas aquellas acciones instruidas para la comisi\u00f3n sus objetivos, y las<br>disposiciones legales y reglamentarias aplicables en la materia.<\/p>\n","protected":false},"excerpt":{"rendered":"<p>Titular:\u00a0Correo Institucional: coordinacion.juridica@difpuertovallarta.gob.mxDomicilio:\u00a0Avenida Paseo de las Palmas, s\/n, Barrio Sta. Mar\u00eda, Puerto Vallarta.Tel\u00e9fono:\u00a0(322) 2259936 Ext. 1016,Horarios de oficina:\u00a008:00 a 16:00 horas. Objetivo: El Sistema para el Desarrollo Integral de la Familia DIF debe contar con un Departamentocuyo prop\u00f3sito sea el de asesorar jur\u00eddicamente al Organismo ante los distintos tribunales, velandopor los intereses del mismo, as\u00ed [&hellip;]<\/p>\n","protected":false},"author":1,"featured_media":0,"parent":0,"menu_order":0,"comment_status":"closed","ping_status":"closed","template":"","meta":{"footnotes":""},"class_list":["post-324","page","type-page","status-publish","czr-hentry"],"yoast_head":"<!-- This site is optimized with the Yoast SEO plugin v27.2 - https:\/\/yoast.com\/product\/yoast-seo-wordpress\/ -->\n<title>\u00c1rea Jur\u00eddica &#8226; DIF Puerto Vallarta<\/title>\n<meta name=\"description\" content=\"DIF Puerto Vallarta &#8226; Titular:\u00a0Correo Institucional: coordinacion.juridica@difpuertovallarta.gob.mxDomicilio:\u00a0Avenida Paseo de las Palmas, s\/n, Barrio Sta. Mar\u00eda, Puerto\" \/>\n<meta name=\"robots\" content=\"index, follow, max-snippet:-1, max-image-preview:large, max-video-preview:-1\" \/>\n<link rel=\"canonical\" href=\"https:\/\/difpuertovallarta.gob.mx\/cms\/area-juridica\/\" \/>\n<meta property=\"og:locale\" content=\"es_MX\" \/>\n<meta property=\"og:type\" content=\"article\" \/>\n<meta property=\"og:title\" content=\"\u00c1rea Jur\u00eddica &#8226; DIF Puerto Vallarta\" \/>\n<meta property=\"og:description\" content=\"DIF Puerto Vallarta &#8226; Titular:\u00a0Correo Institucional: coordinacion.juridica@difpuertovallarta.gob.mxDomicilio:\u00a0Avenida Paseo de las Palmas, s\/n, Barrio Sta. Mar\u00eda, Puerto\" \/>\n<meta property=\"og:url\" content=\"https:\/\/difpuertovallarta.gob.mx\/cms\/area-juridica\/\" \/>\n<meta property=\"og:site_name\" content=\"DIF Puerto Vallarta\" \/>\n<meta property=\"article:publisher\" content=\"https:\/\/www.facebook.com\/sistemadifvallarta\" \/>\n<meta property=\"article:modified_time\" content=\"2024-11-12T19:43:19+00:00\" \/>\n<meta name=\"twitter:card\" content=\"summary_large_image\" \/>\n<meta name=\"twitter:site\" content=\"@difvallarta\" \/>\n<meta name=\"twitter:label1\" content=\"Tiempo de lectura\" \/>\n\t<meta name=\"twitter:data1\" content=\"3 minutos\" \/>\n<script type=\"application\/ld+json\" class=\"yoast-schema-graph\">{\"@context\":\"https:\/\/schema.org\",\"@graph\":[{\"@type\":\"WebPage\",\"@id\":\"https:\/\/difpuertovallarta.gob.mx\/cms\/area-juridica\/\",\"url\":\"https:\/\/difpuertovallarta.gob.mx\/cms\/area-juridica\/\",\"name\":\"\u00c1rea Jur\u00eddica &#8226; DIF Puerto Vallarta\",\"isPartOf\":{\"@id\":\"https:\/\/difpuertovallarta.gob.mx\/cms\/#website\"},\"datePublished\":\"2016-09-21T20:15:43+00:00\",\"dateModified\":\"2024-11-12T19:43:19+00:00\",\"description\":\"DIF Puerto Vallarta &#8226; Titular:\u00a0Correo Institucional: coordinacion.juridica@difpuertovallarta.gob.mxDomicilio:\u00a0Avenida Paseo de las Palmas, s\/n, Barrio Sta. Mar\u00eda, Puerto\",\"breadcrumb\":{\"@id\":\"https:\/\/difpuertovallarta.gob.mx\/cms\/area-juridica\/#breadcrumb\"},\"inLanguage\":\"es\",\"potentialAction\":[{\"@type\":\"ReadAction\",\"target\":[\"https:\/\/difpuertovallarta.gob.mx\/cms\/area-juridica\/\"]}]},{\"@type\":\"BreadcrumbList\",\"@id\":\"https:\/\/difpuertovallarta.gob.mx\/cms\/area-juridica\/#breadcrumb\",\"itemListElement\":[{\"@type\":\"ListItem\",\"position\":1,\"name\":\"Inicio\",\"item\":\"https:\/\/difpuertovallarta.gob.mx\/cms\/\"},{\"@type\":\"ListItem\",\"position\":2,\"name\":\"\u00c1rea Jur\u00eddica\"}]},{\"@type\":\"WebSite\",\"@id\":\"https:\/\/difpuertovallarta.gob.mx\/cms\/#website\",\"url\":\"https:\/\/difpuertovallarta.gob.mx\/cms\/\",\"name\":\"DIF Puerto Vallarta\",\"description\":\"Sistema para el Desarrollo Integral de la Familia para el Municipio de Puerto Vallarta, Jalisco.\",\"publisher\":{\"@id\":\"https:\/\/difpuertovallarta.gob.mx\/cms\/#organization\"},\"potentialAction\":[{\"@type\":\"SearchAction\",\"target\":{\"@type\":\"EntryPoint\",\"urlTemplate\":\"https:\/\/difpuertovallarta.gob.mx\/cms\/?s={search_term_string}\"},\"query-input\":{\"@type\":\"PropertyValueSpecification\",\"valueRequired\":true,\"valueName\":\"search_term_string\"}}],\"inLanguage\":\"es\"},{\"@type\":\"Organization\",\"@id\":\"https:\/\/difpuertovallarta.gob.mx\/cms\/#organization\",\"name\":\"Sistema DIF Puerto Vallarta\",\"url\":\"https:\/\/difpuertovallarta.gob.mx\/cms\/\",\"logo\":{\"@type\":\"ImageObject\",\"inLanguage\":\"es\",\"@id\":\"https:\/\/difpuertovallarta.gob.mx\/cms\/#\/schema\/logo\/image\/\",\"url\":\"http:\/\/difpuertovallarta.gob.mx\/cms\/wp-content\/uploads\/2018\/12\/LOGO-DIF-2021-NAVIDAD.jpg\",\"contentUrl\":\"http:\/\/difpuertovallarta.gob.mx\/cms\/wp-content\/uploads\/2018\/12\/LOGO-DIF-2021-NAVIDAD.jpg\",\"width\":834,\"height\":834,\"caption\":\"Sistema DIF Puerto Vallarta\"},\"image\":{\"@id\":\"https:\/\/difpuertovallarta.gob.mx\/cms\/#\/schema\/logo\/image\/\"},\"sameAs\":[\"https:\/\/www.facebook.com\/sistemadifvallarta\",\"https:\/\/x.com\/difvallarta\"]}]}<\/script>\n<!-- \/ Yoast SEO plugin. -->","yoast_head_json":{"title":"\u00c1rea Jur\u00eddica &#8226; DIF Puerto Vallarta","description":"DIF Puerto Vallarta &#8226; Titular:\u00a0Correo Institucional: coordinacion.juridica@difpuertovallarta.gob.mxDomicilio:\u00a0Avenida Paseo de las Palmas, s\/n, Barrio Sta. Mar\u00eda, Puerto","robots":{"index":"index","follow":"follow","max-snippet":"max-snippet:-1","max-image-preview":"max-image-preview:large","max-video-preview":"max-video-preview:-1"},"canonical":"https:\/\/difpuertovallarta.gob.mx\/cms\/area-juridica\/","og_locale":"es_MX","og_type":"article","og_title":"\u00c1rea Jur\u00eddica &#8226; DIF Puerto Vallarta","og_description":"DIF Puerto Vallarta &#8226; Titular:\u00a0Correo Institucional: coordinacion.juridica@difpuertovallarta.gob.mxDomicilio:\u00a0Avenida Paseo de las Palmas, s\/n, Barrio Sta. Mar\u00eda, Puerto","og_url":"https:\/\/difpuertovallarta.gob.mx\/cms\/area-juridica\/","og_site_name":"DIF Puerto Vallarta","article_publisher":"https:\/\/www.facebook.com\/sistemadifvallarta","article_modified_time":"2024-11-12T19:43:19+00:00","twitter_card":"summary_large_image","twitter_site":"@difvallarta","twitter_misc":{"Tiempo de lectura":"3 minutos"},"schema":{"@context":"https:\/\/schema.org","@graph":[{"@type":"WebPage","@id":"https:\/\/difpuertovallarta.gob.mx\/cms\/area-juridica\/","url":"https:\/\/difpuertovallarta.gob.mx\/cms\/area-juridica\/","name":"\u00c1rea Jur\u00eddica &#8226; DIF Puerto Vallarta","isPartOf":{"@id":"https:\/\/difpuertovallarta.gob.mx\/cms\/#website"},"datePublished":"2016-09-21T20:15:43+00:00","dateModified":"2024-11-12T19:43:19+00:00","description":"DIF Puerto Vallarta &#8226; Titular:\u00a0Correo Institucional: coordinacion.juridica@difpuertovallarta.gob.mxDomicilio:\u00a0Avenida Paseo de las Palmas, s\/n, Barrio Sta. Mar\u00eda, Puerto","breadcrumb":{"@id":"https:\/\/difpuertovallarta.gob.mx\/cms\/area-juridica\/#breadcrumb"},"inLanguage":"es","potentialAction":[{"@type":"ReadAction","target":["https:\/\/difpuertovallarta.gob.mx\/cms\/area-juridica\/"]}]},{"@type":"BreadcrumbList","@id":"https:\/\/difpuertovallarta.gob.mx\/cms\/area-juridica\/#breadcrumb","itemListElement":[{"@type":"ListItem","position":1,"name":"Inicio","item":"https:\/\/difpuertovallarta.gob.mx\/cms\/"},{"@type":"ListItem","position":2,"name":"\u00c1rea Jur\u00eddica"}]},{"@type":"WebSite","@id":"https:\/\/difpuertovallarta.gob.mx\/cms\/#website","url":"https:\/\/difpuertovallarta.gob.mx\/cms\/","name":"DIF Puerto Vallarta","description":"Sistema para el Desarrollo Integral de la Familia para el Municipio de Puerto Vallarta, Jalisco.","publisher":{"@id":"https:\/\/difpuertovallarta.gob.mx\/cms\/#organization"},"potentialAction":[{"@type":"SearchAction","target":{"@type":"EntryPoint","urlTemplate":"https:\/\/difpuertovallarta.gob.mx\/cms\/?s={search_term_string}"},"query-input":{"@type":"PropertyValueSpecification","valueRequired":true,"valueName":"search_term_string"}}],"inLanguage":"es"},{"@type":"Organization","@id":"https:\/\/difpuertovallarta.gob.mx\/cms\/#organization","name":"Sistema DIF Puerto Vallarta","url":"https:\/\/difpuertovallarta.gob.mx\/cms\/","logo":{"@type":"ImageObject","inLanguage":"es","@id":"https:\/\/difpuertovallarta.gob.mx\/cms\/#\/schema\/logo\/image\/","url":"http:\/\/difpuertovallarta.gob.mx\/cms\/wp-content\/uploads\/2018\/12\/LOGO-DIF-2021-NAVIDAD.jpg","contentUrl":"http:\/\/difpuertovallarta.gob.mx\/cms\/wp-content\/uploads\/2018\/12\/LOGO-DIF-2021-NAVIDAD.jpg","width":834,"height":834,"caption":"Sistema DIF Puerto Vallarta"},"image":{"@id":"https:\/\/difpuertovallarta.gob.mx\/cms\/#\/schema\/logo\/image\/"},"sameAs":["https:\/\/www.facebook.com\/sistemadifvallarta","https:\/\/x.com\/difvallarta"]}]}},"_links":{"self":[{"href":"https:\/\/difpuertovallarta.gob.mx\/cms\/wp-json\/wp\/v2\/pages\/324","targetHints":{"allow":["GET"]}}],"collection":[{"href":"https:\/\/difpuertovallarta.gob.mx\/cms\/wp-json\/wp\/v2\/pages"}],"about":[{"href":"https:\/\/difpuertovallarta.gob.mx\/cms\/wp-json\/wp\/v2\/types\/page"}],"author":[{"embeddable":true,"href":"https:\/\/difpuertovallarta.gob.mx\/cms\/wp-json\/wp\/v2\/users\/1"}],"replies":[{"embeddable":true,"href":"https:\/\/difpuertovallarta.gob.mx\/cms\/wp-json\/wp\/v2\/comments?post=324"}],"version-history":[{"count":4,"href":"https:\/\/difpuertovallarta.gob.mx\/cms\/wp-json\/wp\/v2\/pages\/324\/revisions"}],"predecessor-version":[{"id":16259,"href":"https:\/\/difpuertovallarta.gob.mx\/cms\/wp-json\/wp\/v2\/pages\/324\/revisions\/16259"}],"wp:attachment":[{"href":"https:\/\/difpuertovallarta.gob.mx\/cms\/wp-json\/wp\/v2\/media?parent=324"}],"curies":[{"name":"wp","href":"https:\/\/api.w.org\/{rel}","templated":true}]}}

Área Jurídica

<p><strong>Titular:</strong> <br><strong>Correo Institucional: </strong>coordinacion.juridica@difpuertovallarta.gob.mx<strong><br>Domicilio:</strong> Avenida Paseo de las Palmas, s/n, Barrio Sta. María, Puerto Vallarta.<br><strong>Teléfono:</strong> (322) 2259936 Ext. 1016,<br><strong>Horarios de oficina:</strong> 08:00 a 16:00 horas.</p>



<p><br><strong>Objetivo:</strong><br>       El Sistema para el Desarrollo Integral de la Familia DIF debe contar con un Departamento<br>cuyo propósito sea el de asesorar jurídicamente al Organismo ante los distintos tribunales, velando<br>por los intereses del mismo, así como supervisar y efectuar los procedimientos legales en que la<br>distinta normatividad solicita el apoyo o intervención del Organismo, en tanto no sea de<br>competencia de otra área.</p>



<p><br>Así mismo, debe coadyuvar con los distintos Departamentos a dar cumplimiento a las distintas<br>obligaciones que en materia de Transparencia Institucional, entendiéndose como esta lo<br>establecido en la Ley de Archivos y la Ley de Transparencia respectivamente, así como lo<br>estipulado al respecto en la normatividad vigente para el Organismo.</p>



<p><br><strong>Función:</strong>.</p>



<p><br>1.- Instrumentar los convenios y contratos con diversas instituciones y Organismos afines a la<br>asistencia social;</p>



<p><br>2.- Instrumentar las denuncias o demandas presentadas por el Organismo; la contestación de<br>aquellas que fueran presentadas en contra de éste; así como dar el seguimiento a los<br>procedimientos respectivos ante las autoridades correspondientes;</p>



<p><br>3.- Asesorar legalmente a todos los titulares de los Departamentos del Organismo, para que su<br>actuación se encuentre debidamente apoyada y fundamentada en los principios jurídicos;</p>



<p><br>4.-Instrumentar los convenios y contratos de diversas modalidades, como son: compraventa,<br>comodato, prestación de servicios, honorarios, etc., de acuerdo con las necesidades de<br>Organismo;</p>



<p><br>5.- Formular, revisar y/o validar los proyectos de reglamentos y reformas a la normatividad que<br>rigen la vida interna del Organismo y la operación externa del mismo, por conducto de las<br>instancias legales correspondientes, para que los planes y programas se encuentren dentro del<br>ámbito legal y contar con los ordenamientos actuales que regulen los derechos y obligaciones del<br>Organismo;</p>



<p><br>6.- Recibir y dar respuesta a las solicitudes de Información Pública, para lo cual debe integrar el<br>expediente, realizar los trámites internos y desahogar el procedimiento respectivo;<br>7.- Impartir el curso prematrimonial de manera individual o colectiva a los ciudadanos mayores de<br>edad que así lo soliciten, siguiendo los lineamientos correspondientes del Código Civil del Estado<br>de Jalisco;</p>



<p><br>8.- Expedir la constancia prematrimonial correspondiente debidamente autorizada y firma por el<br>titular de la Coordinación Jurídica;</p>



<p><br>9.- Desahogar Información Testimonial respecto de los Registros Extemporáneos para las<br>personas mayores de 18 dieciocho años que no cuenten con registro de nacimiento, con el<br>propósito de acreditar los extremos de los artículos 56, 57 de Ley del Registro Civil para el Estado<br>de Jalisco, 10, y 11 Del Reglamento de la Ley del Registro Civil.</p>



<p><br>10.- Dar cumplimiento a todas aquellas acciones instruidas para la comisión sus objetivos, y las<br>disposiciones legales y reglamentarias aplicables en la materia.</p>

<p>Titular: Correo Institucional: coordinacion.juridica@difpuertovallarta.gob.mxDomicilio: Avenida Paseo de las Palmas, s/n, Barrio Sta. María, Puerto Vallarta.Teléfono: (322) 2259936 Ext. 1016,Horarios de oficina: 08:00 a 16:00 horas. Objetivo: El Sistema para el Desarrollo Integral de la Familia DIF debe contar con un Departamentocuyo propósito sea el de asesorar jurídicamente al Organismo ante los distintos tribunales, velandopor los intereses del mismo, así [&hellip;]</p>

<!-- This site is optimized with the Yoast SEO plugin v27.2 - https://yoast.com/product/yoast-seo-wordpress/ -->
<title>Área Jurídica &#8226; DIF Puerto Vallarta</title>
<meta name="description" content="DIF Puerto Vallarta &#8226; Titular: Correo Institucional: coordinacion.juridica@difpuertovallarta.gob.mxDomicilio: Avenida Paseo de las Palmas, s/n, Barrio Sta. María, Puerto" />
<meta name="robots" content="index, follow, max-snippet:-1, max-image-preview:large, max-video-preview:-1" />
<link rel="canonical" href="https://difpuertovallarta.gob.mx/cms/area-juridica/" />
<meta property="og:locale" content="es_MX" />
<meta property="og:type" content="article" />
<meta property="og:title" content="Área Jurídica &#8226; DIF Puerto Vallarta" />
<meta property="og:description" content="DIF Puerto Vallarta &#8226; Titular: Correo Institucional: coordinacion.juridica@difpuertovallarta.gob.mxDomicilio: Avenida Paseo de las Palmas, s/n, Barrio Sta. María, Puerto" />
<meta property="og:url" content="https://difpuertovallarta.gob.mx/cms/area-juridica/" />
<meta property="og:site_name" content="DIF Puerto Vallarta" />
<meta property="article:publisher" content="https://www.facebook.com/sistemadifvallarta" />
<meta property="article:modified_time" content="2024-11-12T19:43:19+00:00" />
<meta name="twitter:card" content="summary_large_image" />
<meta name="twitter:site" content="@difvallarta" />
<meta name="twitter:label1" content="Tiempo de lectura" />
	<meta name="twitter:data1" content="3 minutos" />
<script type="application/ld+json" class="yoast-schema-graph">{"@context":"https://schema.org","@graph":[{"@type":"WebPage","@id":"https://difpuertovallarta.gob.mx/cms/area-juridica/","url":"https://difpuertovallarta.gob.mx/cms/area-juridica/","name":"Área Jurídica &#8226; DIF Puerto Vallarta","isPartOf":{"@id":"https://difpuertovallarta.gob.mx/cms/#website"},"datePublished":"2016-09-21T20:15:43+00:00","dateModified":"2024-11-12T19:43:19+00:00","description":"DIF Puerto Vallarta &#8226; Titular: Correo Institucional: coordinacion.juridica@difpuertovallarta.gob.mxDomicilio: Avenida Paseo de las Palmas, s/n, Barrio Sta. María, Puerto","breadcrumb":{"@id":"https://difpuertovallarta.gob.mx/cms/area-juridica/#breadcrumb"},"inLanguage":"es","potentialAction":[{"@type":"ReadAction","target":["https://difpuertovallarta.gob.mx/cms/area-juridica/"]}]},{"@type":"BreadcrumbList","@id":"https://difpuertovallarta.gob.mx/cms/area-juridica/#breadcrumb","itemListElement":[{"@type":"ListItem","position":1,"name":"Inicio","item":"https://difpuertovallarta.gob.mx/cms/"},{"@type":"ListItem","position":2,"name":"Área Jurídica"}]},{"@type":"WebSite","@id":"https://difpuertovallarta.gob.mx/cms/#website","url":"https://difpuertovallarta.gob.mx/cms/","name":"DIF Puerto Vallarta","description":"Sistema para el Desarrollo Integral de la Familia para el Municipio de Puerto Vallarta, Jalisco.","publisher":{"@id":"https://difpuertovallarta.gob.mx/cms/#organization"},"potentialAction":[{"@type":"SearchAction","target":{"@type":"EntryPoint","urlTemplate":"https://difpuertovallarta.gob.mx/cms/?s={search_term_string}"},"query-input":{"@type":"PropertyValueSpecification","valueRequired":true,"valueName":"search_term_string"}}],"inLanguage":"es"},{"@type":"Organization","@id":"https://difpuertovallarta.gob.mx/cms/#organization","name":"Sistema DIF Puerto Vallarta","url":"https://difpuertovallarta.gob.mx/cms/","logo":{"@type":"ImageObject","inLanguage":"es","@id":"https://difpuertovallarta.gob.mx/cms/#/schema/logo/image/","url":"http://difpuertovallarta.gob.mx/cms/wp-content/uploads/2018/12/LOGO-DIF-2021-NAVIDAD.jpg","contentUrl":"http://difpuertovallarta.gob.mx/cms/wp-content/uploads/2018/12/LOGO-DIF-2021-NAVIDAD.jpg","width":834,"height":834,"caption":"Sistema DIF Puerto Vallarta"},"image":{"@id":"https://difpuertovallarta.gob.mx/cms/#/schema/logo/image/"},"sameAs":["https://www.facebook.com/sistemadifvallarta","https://x.com/difvallarta"]}]}</script>
<!-- / Yoast SEO plugin. -->

Área Jurídica &#8226; DIF Puerto Vallarta

DIF Puerto Vallarta &#8226; Titular: Correo Institucional: coordinacion.juridica@difpuertovallarta.gob.mxDomicilio: Avenida Paseo de las Palmas, s/n, Barrio Sta. María, Puerto
